{"id":783,"date":"2019-05-25T08:47:02","date_gmt":"2019-05-25T06:47:02","guid":{"rendered":"http:\/\/www.fcpe78.fr\/cl\/sartrouville\/?page_id=783"},"modified":"2021-04-05T08:28:53","modified_gmt":"2021-04-05T06:28:53","slug":"commission-scolaires","status":"publish","type":"page","link":"https:\/\/www.fcpe78.fr\/cl\/sartrouville\/dossiers-thematiques\/commission-scolaires\/","title":{"rendered":"Commissions scolaires"},"content":{"rendered":"<h4><ul class=\"lcp_catlist\" id=\"lcp_instance_0\"><li><a href=\"https:\/\/www.fcpe78.fr\/cl\/sartrouville\/2026\/03\/vos-retours-sur-la-cantine-des-colleges-de-sartrouville\/\">La cantine des coll\u00e8ges &#8211; changement de prestataire \u00e0 la rentr\u00e9e 2026<\/a><\/li><li><a href=\"https:\/\/www.fcpe78.fr\/cl\/sartrouville\/2026\/02\/orientation-choisir-sa-voie-sinspirer-autour-de-sartrouville\/\">Orientation, choisir sa voie, s&rsquo;inspirer autour de Sartrouville<\/a><\/li><li><a href=\"https:\/\/www.fcpe78.fr\/cl\/sartrouville\/2025\/09\/les-elections-des-representants-des-parents-pourquoi-comment\/\">Les \u00e9lections des repr\u00e9sentants des parents, pourquoi choisir la FCPE, comment ?<\/a><\/li><li><a href=\"https:\/\/www.fcpe78.fr\/cl\/sartrouville\/2025\/09\/la-rentree-en-6eme-au-college\/\">La rentr\u00e9e en 6eme au coll\u00e8ge<\/a><\/li><li><a href=\"https:\/\/www.fcpe78.fr\/cl\/sartrouville\/2025\/07\/coin-des-parents-la-place-des-parents-dans-la-scolarite\/\">Sartrouville Infos Jeunes, accompagner leur autonomie<\/a><\/li><li><a href=\"https:\/\/www.fcpe78.fr\/cl\/sartrouville\/2025\/07\/periode-estivale-pause-lecture-pour-les-collegiens\/\">P\u00e9riode estivale, pause lecture pour les coll\u00e9giens<\/a><\/li><li><a href=\"https:\/\/www.fcpe78.fr\/cl\/sartrouville\/2025\/06\/inscription-a-la-cantine-des-colleges\/\">Inscription \u00e0 la cantine des coll\u00e8ges<\/a><\/li><li><a href=\"https:\/\/www.fcpe78.fr\/cl\/sartrouville\/2025\/05\/se-former-et-eclairer-la-vie-scolaire-de-nos-enfants\/\">Se former et \u00e9clairer la vie scolaire de nos enfants<\/a><\/li><li><a href=\"https:\/\/www.fcpe78.fr\/cl\/sartrouville\/2025\/03\/journee-portes-ouvertes-au-college-colette\/\">Journ\u00e9e portes ouvertes au coll\u00e8ge Colette<\/a><\/li><li><a href=\"https:\/\/www.fcpe78.fr\/cl\/sartrouville\/2025\/03\/journee-porte-ouverte-au-college-2\/\">Journ\u00e9e portes ouvertes au coll\u00e8ge Darius Milhaud<\/a><\/li><li><a href=\"https:\/\/www.fcpe78.fr\/cl\/sartrouville\/2025\/02\/du-cm2-a-la-6eme-laffectation-en-college-a-lusage-des-familles\/\">Du CM2 \u00e0 la 6eme, l&rsquo;affectation en coll\u00e8ge, l&rsquo;inscription<\/a><\/li><li><a href=\"https:\/\/www.fcpe78.fr\/cl\/sartrouville\/2025\/01\/commission-des-menus-annees-2024-2025\/\">COMMISSION DES MENUS DES ECOLES<\/a><\/li><li><a href=\"https:\/\/www.fcpe78.fr\/cl\/sartrouville\/2024\/11\/tout-savoir-sur-le-conseil-de-classe\/\">Tout savoir\u00a0sur le conseil de classe<\/a><\/li><li><a href=\"https:\/\/www.fcpe78.fr\/cl\/sartrouville\/2024\/09\/etre-representant-des-parents-au-college-en-quoi-cela-consiste\/\">Etre repr\u00e9sentant des parents, en quoi cela consiste ?<\/a><\/li><li><a href=\"https:\/\/www.fcpe78.fr\/cl\/sartrouville\/2024\/09\/les-parents-fcpe-lactu-de-la-rentree-avec-les-partenaires-pour-accompagner-nos-enfants\/\">L&rsquo;actu de la rentr\u00e9e vue au niveau local avec les partenaires pour accompagner nos enfants<\/a><\/li><li><a href=\"https:\/\/www.fcpe78.fr\/cl\/sartrouville\/2024\/08\/salon-des-associations-la-fcpe-a-sartrouville\/\">Salon des associations &#8211; La FCPE \u00e0 Sartrouville<\/a><\/li><li><a href=\"https:\/\/www.fcpe78.fr\/cl\/sartrouville\/2024\/06\/cest-deja-lheure-de-la-maternelle\/\">C&rsquo;est d\u00e9ja l&rsquo;heure de la maternelle ?<\/a><\/li><li><a href=\"https:\/\/www.fcpe78.fr\/cl\/sartrouville\/2024\/06\/journee-porte-ouverte-au-college-louis-paulhan\/\">Journ\u00e9e porte ouverte au coll\u00e8ge Louis Paulhan<\/a><\/li><li><a href=\"https:\/\/www.fcpe78.fr\/cl\/sartrouville\/2024\/05\/construire-lecole-ensemble\/\">Construire ensemble<\/a><\/li><li><a href=\"https:\/\/www.fcpe78.fr\/cl\/sartrouville\/2024\/01\/tres-belle-annee-2023\/\">Eclairons leur avenir !<\/a><\/li><li><a href=\"https:\/\/www.fcpe78.fr\/cl\/sartrouville\/2023\/10\/articuler-laction-des-eleves-engages-avec-le-comite-deducation-a-la-sante-et-a-la-citoyennete-et-a-lenvironnement-cesce\/\">L\u2019action des \u00e9l\u00e8ves engag\u00e9s et le comit\u00e9 d&rsquo;\u00e9ducation \u00e0 la sant\u00e9 et \u00e0 la citoyennet\u00e9 et \u00e0 l&rsquo;environnement CESCE<\/a><\/li><li><a href=\"https:\/\/www.fcpe78.fr\/cl\/sartrouville\/2023\/09\/commission-des-menus-maternelles-et-elementaires-sartrouville-du-18-09-2023\/\">COMMISSION DES MENUS maternelles et \u00e9l\u00e9mentaires Sartrouville du 18\/09\/2023<\/a><\/li><li><a href=\"https:\/\/www.fcpe78.fr\/cl\/sartrouville\/2023\/09\/college-louis-paulhan-manque-de-moyen-a-la-rentree-2023\/\">Coll\u00e8ge Louis Paulhan, une rentr\u00e9e 2023 en attente de moyens<\/a><\/li><li><a href=\"https:\/\/www.fcpe78.fr\/cl\/sartrouville\/2023\/09\/la-rentree-a-lecole-quelques-informations\/\">La rentr\u00e9e , quelques informations !<\/a><\/li><li><a href=\"https:\/\/www.fcpe78.fr\/cl\/sartrouville\/2023\/04\/commission-des-menus-maternelles-et-elementaires-sartrouville-du-04-04-2023\/\">COMMISSION DES MENUS maternelles et \u00e9l\u00e9mentaires Sartrouville du 04\/04\/2023<\/a><\/li><li><a href=\"https:\/\/www.fcpe78.fr\/cl\/sartrouville\/2023\/02\/enfants-en-situation-de-handicap\/\">Enfants en situation de handicap<\/a><\/li><li><a href=\"https:\/\/www.fcpe78.fr\/cl\/sartrouville\/2023\/02\/les-transports-scolaires\/\">Les transports scolaires<\/a><\/li><li><a href=\"https:\/\/www.fcpe78.fr\/cl\/sartrouville\/2022\/11\/commission-des-menus-maternelles-et-elementaires-sartrouville-du-22-11-2022\/\">COMMISSION DES MENUS maternelles et \u00e9l\u00e9mentaires Sartrouville du 22\/11\/2022<\/a><\/li><li><a href=\"https:\/\/www.fcpe78.fr\/cl\/sartrouville\/2022\/11\/les-restaurants-scolaires-des-colleges-de-sartrouville-a-la-une-pour-la-lutte-contre-le-gaspillage\/\">Les restaurants scolaires des coll\u00e8ges de Sartrouville \u00e0 la une pour la lutte contre le gaspillage !<\/a><\/li><li><a href=\"https:\/\/www.fcpe78.fr\/cl\/sartrouville\/2022\/11\/harcelement-dans-la-vie-scolaire-sur-internet-les-reseaux-sociaux\/\">Harc\u00e9lement, dans la vie scolaire, sur internet, les r\u00e9seaux sociaux<\/a><\/li><li><a href=\"https:\/\/www.fcpe78.fr\/cl\/sartrouville\/2022\/09\/commissions-des-menus-vos-retours-sur-les-repas\/\">Vos retours sur la cantine scolaire sont essentiels !<\/a><\/li><li><a href=\"https:\/\/www.fcpe78.fr\/cl\/sartrouville\/2022\/09\/reunion-de-rentree-parents-recreons-du-lien\/\">R\u00e9union de rentr\u00e9e, parents recr\u00e9ons du lien<\/a><\/li><li><a href=\"https:\/\/www.fcpe78.fr\/cl\/sartrouville\/2022\/09\/la-rentree-au-college-darius-milhaud\/\">La rentr\u00e9e au Coll\u00e8ge Darius Milhaud<\/a><\/li><li><a href=\"https:\/\/www.fcpe78.fr\/cl\/sartrouville\/2022\/09\/rentree-college-colette\/\">La rentr\u00e9e au Coll\u00e8ge Colette<\/a><\/li><li><a href=\"https:\/\/www.fcpe78.fr\/cl\/sartrouville\/2022\/08\/cest-la-rentree-fcpe-a-sartrouville\/\">C&rsquo;est la rentr\u00e9e<\/a><\/li><li><a href=\"https:\/\/www.fcpe78.fr\/cl\/sartrouville\/2022\/05\/commission-des-menus-maternelles-et-elementaires-sartrouville-du-12-02-2021-2\/\">Maternelles et \u00e9l\u00e9mentaires Sartrouville : Restauration scolaire et \u00e9tudes surveill\u00e9es<\/a><\/li><li><a href=\"https:\/\/www.fcpe78.fr\/cl\/sartrouville\/2022\/05\/sartrouville-famille-et-jeunesse-le-programme-de-la-rentree-sept-2021\/\">Sartrouville &#8211; Famille et Jeunesse, le programme<\/a><\/li><li><a href=\"https:\/\/www.fcpe78.fr\/cl\/sartrouville\/2022\/04\/commission-des-menus-maternelles-et-elementaires-sartrouville-du-11-04-2022\/\">COMMISSION DES MENUS maternelles et \u00e9l\u00e9mentaires Sartrouville du 11\/04\/2022<\/a><\/li><li><a href=\"https:\/\/www.fcpe78.fr\/cl\/sartrouville\/2022\/04\/journee-porte-ouverte-au-college\/\">Journ\u00e9e porte ouverte au coll\u00e8ge<\/a><\/li><li><a href=\"https:\/\/www.fcpe78.fr\/cl\/sartrouville\/2022\/01\/commission-des-menus-maternelles-et-elementaires-sartrouville-du-24-01-2022\/\">COMMISSION DES MENUS maternelles et \u00e9l\u00e9mentaires Sartrouville du 24\/01\/2022<\/a><\/li><li><a href=\"https:\/\/www.fcpe78.fr\/cl\/sartrouville\/2022\/01\/apprendre-sepanouir-se-transformer-le-projet-academique-2021-2024\/\">Apprendre, s&rsquo;\u00e9panouir, se transformer : le projet acad\u00e9mique 2021\/2024<\/a><\/li><li><a href=\"https:\/\/www.fcpe78.fr\/cl\/sartrouville\/2022\/01\/sartrouville-information-sur-la-sectorisation-ecoles-et-colleges\/\">Sartrouville Information sur la sectorisation \u00e9coles et coll\u00e8ges<\/a><\/li><li><a href=\"https:\/\/www.fcpe78.fr\/cl\/sartrouville\/2021\/11\/commission-des-menus-maternelles-et-elementaires-sartrouville-du-22-11-2021\/\">COMMISSION DES MENUS maternelles et \u00e9l\u00e9mentaires Sartrouville du 22\/11\/2021<\/a><\/li><li><a href=\"https:\/\/www.fcpe78.fr\/cl\/sartrouville\/2021\/11\/technique-et-pratique-sur-lutilisation-des-reseaux-sociaux\/\">G\u00e9n\u00e9ration num\u00e9rique, r\u00e9seaux sociaux et bonnes pratiques<\/a><\/li><li><a href=\"https:\/\/www.fcpe78.fr\/cl\/sartrouville\/2021\/09\/tout-savoir-sur-les-mesures-sanitaires-en-ecole-college-lycee\/\">Tout savoir sur les mesures sanitaires en \u00e9cole, coll\u00e8ge, lyc\u00e9e ?<\/a><\/li><li><a href=\"https:\/\/www.fcpe78.fr\/cl\/sartrouville\/2021\/08\/la-rentree-en-2nde-au-lycee\/\">La rentr\u00e9e en 2nde au lyc\u00e9e<\/a><\/li><li><a href=\"https:\/\/www.fcpe78.fr\/cl\/sartrouville\/2021\/06\/echange-mairie-representants-des-parents-deleves-18-juin-2021\/\">ECHANGE MAIRIE \u2013 REPRESENTANTS DES PARENTS D\u2019ELEVES &#8211; 18 juin 2021<\/a><\/li><li><a href=\"https:\/\/www.fcpe78.fr\/cl\/sartrouville\/2021\/05\/commission-scolaire-mairie-representants-des-parents-deleves-4-mai-2021-2\/\">COMMISSION SCOLAIRE MAIRIE \u2013 REPRESENTANTS DES PARENTS D\u2019ELEVES &#8211; 4 mai 2021<\/a><\/li><li><a href=\"https:\/\/www.fcpe78.fr\/cl\/sartrouville\/2021\/04\/commission-des-menus-maternelles-et-elementaires-sartrouville-du-06-04-2021\/\">COMMISSION DES MENUS maternelles et \u00e9l\u00e9mentaires Sartrouville du 06\/04\/2021<\/a><\/li><li><a href=\"https:\/\/www.fcpe78.fr\/cl\/sartrouville\/2021\/03\/conseil-decole-elementaire-paul-langevin-09-03-2021\/\">Conseil d&rsquo;\u00e9cole \u00e9l\u00e9mentaire Paul Langevin &#8211; 09\/03\/2021<\/a><\/li><li><a href=\"https:\/\/www.fcpe78.fr\/cl\/sartrouville\/2021\/02\/commission-des-menus-maternelles-et-elementaires-sartrouville-du-12-02-2021\/\">COMMISSION DES MENUS maternelles et \u00e9l\u00e9mentaires Sartrouville du 12\/02\/2021<\/a><\/li><li><a href=\"https:\/\/www.fcpe78.fr\/cl\/sartrouville\/2020\/11\/rencontre-parents-professeurs-samedi-16-novembre-au-college-colette-et-stand-des-associations-de-parents\/\">Rencontre parents professeurs au Coll\u00e8ge Colette et stand associations de parents<\/a><\/li><li><a href=\"https:\/\/www.fcpe78.fr\/cl\/sartrouville\/2020\/10\/nos-interventions\/\">Nos interventions<\/a><\/li><li><a href=\"https:\/\/www.fcpe78.fr\/cl\/sartrouville\/2020\/09\/commission-des-menus-maternelles-et-elementaires-sartrouville-du-28-09-2020\/\">COMMISSION DES MENUS maternelles et \u00e9l\u00e9mentaires Sartrouville du 28\/09\/2020<\/a><\/li><li><a href=\"https:\/\/www.fcpe78.fr\/cl\/sartrouville\/2020\/09\/eco-delegue\/\">Es-tu Eco ? Eco-d\u00e9l\u00e9gu\u00e9 au sein du coll\u00e8ge<\/a><\/li><li><a href=\"https:\/\/www.fcpe78.fr\/cl\/sartrouville\/2020\/09\/bourse-de-lycee-demande-date-et-conditions\/\">Bourse Coll\u00e8ge et lyc\u00e9e : jusqu&rsquo;au 15 octobre &#8211; simulateurs<\/a><\/li><li><a href=\"https:\/\/www.fcpe78.fr\/cl\/sartrouville\/2020\/08\/guide-des-parents-confines\/\">Guide des parents en t\u00e9l\u00e9travail intensif<\/a><\/li><li><a href=\"https:\/\/www.fcpe78.fr\/cl\/sartrouville\/2020\/06\/conseil-decole-elementaire-paul-langevin-16-06-2020\/\">Conseil d&rsquo;\u00e9cole \u00e9l\u00e9mentaire Paul Langevin &#8211; 16\/06\/2020<\/a><\/li><li><a href=\"https:\/\/www.fcpe78.fr\/cl\/sartrouville\/2020\/05\/reprise-progressive-de-lecole-en-presentiel\/\">Reprise progressive de l&rsquo;\u00e9cole en pr\u00e9sentiel<\/a><\/li><li><a href=\"https:\/\/www.fcpe78.fr\/cl\/sartrouville\/2020\/03\/cours-podcasts-audio-et-video-ebooks\/\">Cours, podcasts audio et video, eBooks, &#8230;<\/a><\/li><li><a href=\"https:\/\/www.fcpe78.fr\/cl\/sartrouville\/2020\/03\/solutions-pedagogiques-a-distance\/\">Continuit\u00e9 p\u00e9dagogique et enseignement \u00e0 distance<\/a><\/li><li><a href=\"https:\/\/www.fcpe78.fr\/cl\/sartrouville\/2020\/03\/quelques-solutions-collaboratives-qui-peuvent-faciliter-le-travail-et-lenseignement-a-distance\/\">Outils collaboratifs pour faciliter le travail et l&rsquo;enseignement \u00e0 distance<\/a><\/li><li><a href=\"https:\/\/www.fcpe78.fr\/cl\/sartrouville\/2020\/03\/fermeture-des-etablissements-scolaire-cours-a-distance-et-accueil-des-enfants\/\">Fermeture des \u00e9tablissements scolaires et accueil des enfants<\/a><\/li><li><a href=\"https:\/\/www.fcpe78.fr\/cl\/sartrouville\/2020\/03\/conseil-decole-elementaire-paul-langevin-06-03-2020\/\">Conseil d&rsquo;\u00e9cole \u00e9l\u00e9mentaire Paul Langevin &#8211; 06\/03\/2020<\/a><\/li><li><a href=\"https:\/\/www.fcpe78.fr\/cl\/sartrouville\/2019\/12\/la-greve-comment-cela-se-passe-dans-les-ecoles\/\">La gr\u00e8ve, comment cela se passe dans les \u00e9coles ?<\/a><\/li><li><a href=\"https:\/\/www.fcpe78.fr\/cl\/sartrouville\/2019\/11\/conseil-decole-elementaire-paul-langevin-05-11-2019\/\">Conseil d&rsquo;\u00e9cole \u00e9l\u00e9mentaire Paul Langevin &#8211; 05\/11\/2019<\/a><\/li><li><a href=\"https:\/\/www.fcpe78.fr\/cl\/sartrouville\/2019\/10\/les-representants-des-parents-deleve-sont-elus-et-maintenant\/\">Les repr\u00e9sentants des parents d&rsquo;\u00e9l\u00e8ve(s) sont \u00e9lus et maintenant ?<\/a><\/li><li><a href=\"https:\/\/www.fcpe78.fr\/cl\/sartrouville\/2019\/09\/commission-des-menus-maternelles-et-elementaires-sartrouville-du-30-09-2019\/\">COMMISSION DES MENUS maternelles et \u00e9l\u00e9mentaires Sartrouville du 30\/09\/2019<\/a><\/li><li><a href=\"https:\/\/www.fcpe78.fr\/cl\/sartrouville\/2019\/07\/colleges-contacts-pendant-la-periode-estivale\/\">Coll\u00e8ges &#8211; contacts pendant la p\u00e9riode estivale<\/a><\/li><li><a href=\"https:\/\/www.fcpe78.fr\/cl\/sartrouville\/2019\/06\/les-effectifs-de-lecole-jules-ferry\/\">2019-20 Les effectifs de l&rsquo;\u00e9cole Jules Ferry<\/a><\/li><li><a href=\"https:\/\/www.fcpe78.fr\/cl\/sartrouville\/2019\/06\/conseil-decole-elementaire-paul-langevin-11-06-2019\/\">Conseil d&rsquo;\u00e9cole \u00e9l\u00e9mentaire Paul Langevin &#8211; 11\/06\/2019<\/a><\/li><li><a href=\"https:\/\/www.fcpe78.fr\/cl\/sartrouville\/2019\/05\/la-maison-de-la-famille-a-sartrouville\/\">La Maison de la famille \u00e0 Sartrouville<\/a><\/li><li><a href=\"https:\/\/www.fcpe78.fr\/cl\/sartrouville\/2019\/05\/preparer-son-assr-attestation-de-securite-routiere\/\">Pr\u00e9parer son ASSR (Attestation de S\u00e9curit\u00e9 Routi\u00e8re)<\/a><\/li><li><a href=\"https:\/\/www.fcpe78.fr\/cl\/sartrouville\/2019\/05\/article-bidon-lycee\/\">Lyc\u00e9ens : objectif bac !<\/a><\/li><li><a href=\"https:\/\/www.fcpe78.fr\/cl\/sartrouville\/2019\/05\/bonjour-tout-le-monde\/\">Bonjour tout le monde\u00a0!<\/a><\/li><li><a href=\"https:\/\/www.fcpe78.fr\/cl\/sartrouville\/2019\/04\/reunion-ville-parents-deleves-du-10-04-2019\/\">REUNION VILLE \/ PARENTS D\u2019ELEVES du 10\/04\/2019<\/a><\/li><li><a href=\"https:\/\/www.fcpe78.fr\/cl\/sartrouville\/2019\/03\/commission-des-menus-du-25-03-2019\/\">COMMISSION DES MENUS du 25\/03\/2019<\/a><\/li><li><a href=\"https:\/\/www.fcpe78.fr\/cl\/sartrouville\/2019\/02\/cr-conseil-decole-elementaire-paul-langevin-5-02-2019\/\">Conseil d&rsquo;\u00e9cole \u00e9l\u00e9mentaire Paul Langevin &#8211; 5\/02\/2019<\/a><\/li><li><a href=\"https:\/\/www.fcpe78.fr\/cl\/sartrouville\/2019\/01\/commission-des-menus-du-28-01-2019\/\">COMMISSION DES MENUS du 28\/01\/2019<\/a><\/li><li><a href=\"https:\/\/www.fcpe78.fr\/cl\/sartrouville\/2018\/11\/commission-des-menus-du-26-11-2018\/\">COMMISSION DES MENUS du 26\/11\/2018<\/a><\/li><li><a href=\"https:\/\/www.fcpe78.fr\/cl\/sartrouville\/2018\/04\/les-ecoles-de-sartrouville-et-la-sensibilisation-a-internet\/\">Les \u00e9coles de Sartrouville et la sensibilisation \u00e0 internet<\/a><\/li><li><a href=\"https:\/\/www.fcpe78.fr\/cl\/sartrouville\/2018\/04\/vous-souhaitez-vous-abonner-a-nos-informations\/\">Vous souhaitez vous abonner \u00e0 nos informations<\/a><\/li><\/ul><\/h4>\n<h3><strong>Mission<\/strong><\/h3>\n<p style=\"text-align: left\">Ces commissions permettent de r\u00e9pondre aux enseignants et parents d\u2019\u00e9l\u00e8ves des \u00e9coles du village quand ils ont des interrogations et probl\u00e8mes li\u00e9s aux b\u00e2timents et moyens mis \u00e0 disposition par la commune. Les rythmes scolaires sont \u00e9galement un sujet trait\u00e9 par elle.<\/p>\n<div style=\"text-align: left\">La commission scolaire se r\u00e9unit g\u00e9n\u00e9ralement 3 ou 4 fois par an en mairie<\/div>\n<div style=\"text-align: left\">(g\u00e9n\u00e9ralement avant les conseils d\u2019\u00e9cole).<\/div>\n<h3 style=\"text-align: left\">Elle est compos\u00e9e :<\/h3>\n<ul style=\"text-align: left\">\n<li>des \u00e9lus de la commission \u00e9ducation (le maire, le maire adjoint, les conseillers municipaux de la commission)<\/li>\n<li>trois ou quatre repr\u00e9sentants des parents d\u2019\u00e9l\u00e8ves \u00e9lus aux conseils d\u2019\u00e9cole (de chaque \u00e9cole),<\/li>\n<li>les directeurs d\u2019\u00e9cole<\/li>\n<li>le responsable des affaires scolaires.<\/li>\n<\/ul>\n<div style=\"text-align: left\">&nbsp;<\/div>\n<div style=\"text-align: left\">Cette commission traite des sujets relatifs \u00e0 la vie de vos enfants \u00e0 l\u2019\u00e9cole :<\/div>\n<ul>\n<li style=\"text-align: left\">les effectifs scolaires<\/li>\n<li style=\"text-align: left\">la sectorisation<\/li>\n<li style=\"text-align: left\">les locaux (travaux, entretien, hygi\u00e8ne&#8230;)<\/li>\n<li style=\"text-align: left\">le p\u00e9riscolaire (pause m\u00e9ridienne, garderie, r\u00e9gie de ces services&#8230;)<\/li>\n<li style=\"text-align: left\">les rythmes scolaires<\/li>\n<li style=\"text-align: left\">la s\u00e9curit\u00e9<\/li>\n<li style=\"text-align: left\">l\u2019accueil de loisirs<\/li>\n<\/ul>\n","protected":false},"excerpt":{"rendered":"<p>Mission Ces commissions permettent de r\u00e9pondre aux enseignants et parents d\u2019\u00e9l\u00e8ves des \u00e9coles du village quand ils ont des interrogations et probl\u00e8mes li\u00e9s aux b\u00e2timents et moyens mis \u00e0 disposition <a class=\"more-link\" href=\"https:\/\/www.fcpe78.fr\/cl\/sartrouville\/dossiers-thematiques\/commission-scolaires\/\">Lire plus &#8230;<\/a><\/p>\n","protected":false},"author":46,"featured_media":0,"parent":488,"menu_order":0,"comment_status":"closed","ping_status":"closed","template":"","meta":{"_seopress_robots_primary_cat":"","jetpack_post_was_ever_published":false},"categories":[32],"tags":[53],"jetpack_sharing_enabled":true,"jetpack_shortlink":"https:\/\/wp.me\/PaYu4P-cD","_links":{"self":[{"href":"https:\/\/www.fcpe78.fr\/cl\/sartrouville\/wp-json\/wp\/v2\/pages\/783"}],"collection":[{"href":"https:\/\/www.fcpe78.fr\/cl\/sartrouville\/wp-json\/wp\/v2\/pages"}],"about":[{"href":"https:\/\/www.fcpe78.fr\/cl\/sartrouville\/wp-json\/wp\/v2\/types\/page"}],"author":[{"embeddable":true,"href":"https:\/\/www.fcpe78.fr\/cl\/sartrouville\/wp-json\/wp\/v2\/users\/46"}],"replies":[{"embeddable":true,"href":"https:\/\/www.fcpe78.fr\/cl\/sartrouville\/wp-json\/wp\/v2\/comments?post=783"}],"version-history":[{"count":5,"href":"https:\/\/www.fcpe78.fr\/cl\/sartrouville\/wp-json\/wp\/v2\/pages\/783\/revisions"}],"predecessor-version":[{"id":797,"href":"https:\/\/www.fcpe78.fr\/cl\/sartrouville\/wp-json\/wp\/v2\/pages\/783\/revisions\/797"}],"up":[{"embeddable":true,"href":"https:\/\/www.fcpe78.fr\/cl\/sartrouville\/wp-json\/wp\/v2\/pages\/488"}],"wp:attachment":[{"href":"https:\/\/www.fcpe78.fr\/cl\/sartrouville\/wp-json\/wp\/v2\/media?parent=783"}],"wp:term":[{"taxonomy":"category","embeddable":true,"href":"https:\/\/www.fcpe78.fr\/cl\/sartrouville\/wp-json\/wp\/v2\/categories?post=783"},{"taxonomy":"post_tag","embeddable":true,"href":"https:\/\/www.fcpe78.fr\/cl\/sartrouville\/wp-json\/wp\/v2\/tags?post=783"}],"curies":[{"name":"wp","href":"https:\/\/api.w.org\/{rel}","templated":true}]}}