{"id":561,"date":"2019-05-12T15:20:12","date_gmt":"2019-05-12T13:20:12","guid":{"rendered":"http:\/\/www.fcpe78.fr\/cl\/sartrouville\/?page_id=561"},"modified":"2022-09-27T14:46:40","modified_gmt":"2022-09-27T12:46:40","slug":"les-comissions","status":"publish","type":"page","link":"https:\/\/www.fcpe78.fr\/cl\/sartrouville\/dossiers-thematiques\/les-comissions\/","title":{"rendered":"Secondaire : commissions, conseils, cantine,&#8230;"},"content":{"rendered":"<p style=\"text-align: left\">\n<!-- Page-list plugin v.5.6 wordpress.org\/plugins\/page-list\/ -->\n<ul class=\"page-list subpages-page-list \">\n<li class=\"page_item page-item-3407\"><a href=\"https:\/\/www.fcpe78.fr\/cl\/sartrouville\/dossiers-thematiques\/les-comissions\/commission-dappel-memo-pour-les-parents-qui-siegent\/\">Commission d&rsquo;appel &#8211; MEMO pour les parents qui si\u00e8gent<\/a><\/li>\n<li class=\"page_item page-item-521\"><a href=\"https:\/\/www.fcpe78.fr\/cl\/sartrouville\/dossiers-thematiques\/les-comissions\/la-commission-dhygiene-et-de-securite-c-h-s\/\">La commission d&rsquo;hygi\u00e8ne et de s\u00e9curit\u00e9 (C.H.S.)<\/a><\/li>\n<li class=\"page_item page-item-3185\"><a href=\"https:\/\/www.fcpe78.fr\/cl\/sartrouville\/dossiers-thematiques\/les-comissions\/la-commission-educative-en-college-et-lycee\/\">La commission \u00e9ducative en coll\u00e8ge et lyc\u00e9e<\/a><\/li>\n<li class=\"page_item page-item-514\"><a href=\"https:\/\/www.fcpe78.fr\/cl\/sartrouville\/dossiers-thematiques\/les-comissions\/la-commission-permanente\/\">La commission permanente<\/a><\/li>\n<li class=\"page_item page-item-2451\"><a href=\"https:\/\/www.fcpe78.fr\/cl\/sartrouville\/dossiers-thematiques\/les-comissions\/dhg-trm-hsa-bmp-cta-csd-imp-ors-ces-acronymes-qui-jalonnent-la-gestion-des-moyens-des-etablissements\/\">La gestion des moyens des \u00e9tablissements : DHG, TRMD, HSA, BMP, CTA, CSD, IMP, ORS, ONDE, IMP, TAP, &#8230;<\/a><\/li>\n<li class=\"page_item page-item-3046\"><a href=\"https:\/\/www.fcpe78.fr\/cl\/sartrouville\/dossiers-thematiques\/les-comissions\/le-comite-deducation-a-la-sante-et-a-la-citoyennete-et-lenvironnement-cesce\/\">Le comit\u00e9 d&rsquo;\u00e9ducation \u00e0 la sant\u00e9 et \u00e0 la citoyennet\u00e9 et l&rsquo;environnement (CESCE)<\/a><\/li>\n<li class=\"page_item page-item-497\"><a href=\"https:\/\/www.fcpe78.fr\/cl\/sartrouville\/dossiers-thematiques\/les-comissions\/le-conseil-dadministration\/\">Le conseil d&rsquo;administration<\/a><\/li>\n<li class=\"page_item page-item-478\"><a href=\"https:\/\/www.fcpe78.fr\/cl\/sartrouville\/dossiers-thematiques\/les-comissions\/le-conseil-de-classe\/\">Le conseil de classe<\/a><\/li>\n<li class=\"page_item page-item-518\"><a href=\"https:\/\/www.fcpe78.fr\/cl\/sartrouville\/dossiers-thematiques\/les-comissions\/le-conseil-de-discipline\/\">Le conseil de discipline en coll\u00e8ge et lyc\u00e9e<\/a><\/li>\n<li class=\"page_item page-item-2008\"><a href=\"https:\/\/www.fcpe78.fr\/cl\/sartrouville\/dossiers-thematiques\/les-comissions\/clg-cantine\/\">Repas et cantine des coll\u00e8ges<\/a><\/li>\n\n<\/ul><\/p>\n","protected":false},"excerpt":{"rendered":"","protected":false},"author":46,"featured_media":0,"parent":488,"menu_order":0,"comment_status":"closed","ping_status":"closed","template":"","meta":{"_seopress_robots_primary_cat":"","jetpack_post_was_ever_published":false},"categories":[32,5],"tags":[],"jetpack_sharing_enabled":true,"jetpack_shortlink":"https:\/\/wp.me\/PaYu4P-93","_links":{"self":[{"href":"https:\/\/www.fcpe78.fr\/cl\/sartrouville\/wp-json\/wp\/v2\/pages\/561"}],"collection":[{"href":"https:\/\/www.fcpe78.fr\/cl\/sartrouville\/wp-json\/wp\/v2\/pages"}],"about":[{"href":"https:\/\/www.fcpe78.fr\/cl\/sartrouville\/wp-json\/wp\/v2\/types\/page"}],"author":[{"embeddable":true,"href":"https:\/\/www.fcpe78.fr\/cl\/sartrouville\/wp-json\/wp\/v2\/users\/46"}],"replies":[{"embeddable":true,"href":"https:\/\/www.fcpe78.fr\/cl\/sartrouville\/wp-json\/wp\/v2\/comments?post=561"}],"version-history":[{"count":8,"href":"https:\/\/www.fcpe78.fr\/cl\/sartrouville\/wp-json\/wp\/v2\/pages\/561\/revisions"}],"predecessor-version":[{"id":2986,"href":"https:\/\/www.fcpe78.fr\/cl\/sartrouville\/wp-json\/wp\/v2\/pages\/561\/revisions\/2986"}],"up":[{"embeddable":true,"href":"https:\/\/www.fcpe78.fr\/cl\/sartrouville\/wp-json\/wp\/v2\/pages\/488"}],"wp:attachment":[{"href":"https:\/\/www.fcpe78.fr\/cl\/sartrouville\/wp-json\/wp\/v2\/media?parent=561"}],"wp:term":[{"taxonomy":"category","embeddable":true,"href":"https:\/\/www.fcpe78.fr\/cl\/sartrouville\/wp-json\/wp\/v2\/categories?post=561"},{"taxonomy":"post_tag","embeddable":true,"href":"https:\/\/www.fcpe78.fr\/cl\/sartrouville\/wp-json\/wp\/v2\/tags?post=561"}],"curies":[{"name":"wp","href":"https:\/\/api.w.org\/{rel}","templated":true}]}}