{"id":514,"date":"2019-05-12T11:58:07","date_gmt":"2019-05-12T09:58:07","guid":{"rendered":"http:\/\/www.fcpe78.fr\/cl\/sartrouville\/?page_id=514"},"modified":"2021-04-05T08:32:11","modified_gmt":"2021-04-05T06:32:11","slug":"la-commission-permanente","status":"publish","type":"page","link":"https:\/\/www.fcpe78.fr\/cl\/sartrouville\/dossiers-thematiques\/les-comissions\/la-commission-permanente\/","title":{"rendered":"La commission permanente"},"content":{"rendered":"<p><strong>&nbsp;<\/strong><\/p>\n<p><strong>Composition<\/strong><strong><br \/>\n<\/strong>La commission permanente dans les coll\u00e8ges et lyc\u00e9es est compos\u00e9e du chef d&rsquo;\u00e9tablissement, de son adjoint, du gestionnaire de l&rsquo;\u00e9tablissement, d&rsquo;un repr\u00e9sentant de la collectivit\u00e9 de rattachement, de repr\u00e9sentants \u00e9lus des personnels, de repr\u00e9sentants \u00e9lus des parents d&rsquo;\u00e9l\u00e8ves, de repr\u00e9sentants \u00e9lus des \u00e9l\u00e8ves.<br \/>\n<strong>Missions<\/strong><br \/>\nCette instance pr\u00e9pare les d\u00e9cisions du conseil d&rsquo;administration. Les repr\u00e9sentants des parents d&rsquo;\u00e9l\u00e8ves y sont \u00e9lus par les parents d&rsquo;\u00e9l\u00e8ves membres de ce conseil. Ils sont au nombre de quatre pour les coll\u00e8ges et trois pour le lyc\u00e9e.<\/p>\n","protected":false},"excerpt":{"rendered":"<p>&nbsp; Composition La commission permanente dans les coll\u00e8ges et lyc\u00e9es est compos\u00e9e du chef d&rsquo;\u00e9tablissement, de son adjoint, du gestionnaire de l&rsquo;\u00e9tablissement, d&rsquo;un repr\u00e9sentant de la collectivit\u00e9 de rattachement, de <a class=\"more-link\" href=\"https:\/\/www.fcpe78.fr\/cl\/sartrouville\/dossiers-thematiques\/les-comissions\/la-commission-permanente\/\">Lire plus &#8230;<\/a><\/p>\n","protected":false},"author":46,"featured_media":0,"parent":561,"menu_order":0,"comment_status":"closed","ping_status":"closed","template":"","meta":{"_seopress_robots_primary_cat":"","jetpack_post_was_ever_published":false},"categories":[32,5],"tags":[],"jetpack_sharing_enabled":true,"jetpack_shortlink":"https:\/\/wp.me\/PaYu4P-8i","_links":{"self":[{"href":"https:\/\/www.fcpe78.fr\/cl\/sartrouville\/wp-json\/wp\/v2\/pages\/514"}],"collection":[{"href":"https:\/\/www.fcpe78.fr\/cl\/sartrouville\/wp-json\/wp\/v2\/pages"}],"about":[{"href":"https:\/\/www.fcpe78.fr\/cl\/sartrouville\/wp-json\/wp\/v2\/types\/page"}],"author":[{"embeddable":true,"href":"https:\/\/www.fcpe78.fr\/cl\/sartrouville\/wp-json\/wp\/v2\/users\/46"}],"replies":[{"embeddable":true,"href":"https:\/\/www.fcpe78.fr\/cl\/sartrouville\/wp-json\/wp\/v2\/comments?post=514"}],"version-history":[{"count":1,"href":"https:\/\/www.fcpe78.fr\/cl\/sartrouville\/wp-json\/wp\/v2\/pages\/514\/revisions"}],"predecessor-version":[{"id":517,"href":"https:\/\/www.fcpe78.fr\/cl\/sartrouville\/wp-json\/wp\/v2\/pages\/514\/revisions\/517"}],"up":[{"embeddable":true,"href":"https:\/\/www.fcpe78.fr\/cl\/sartrouville\/wp-json\/wp\/v2\/pages\/561"}],"wp:attachment":[{"href":"https:\/\/www.fcpe78.fr\/cl\/sartrouville\/wp-json\/wp\/v2\/media?parent=514"}],"wp:term":[{"taxonomy":"category","embeddable":true,"href":"https:\/\/www.fcpe78.fr\/cl\/sartrouville\/wp-json\/wp\/v2\/categories?post=514"},{"taxonomy":"post_tag","embeddable":true,"href":"https:\/\/www.fcpe78.fr\/cl\/sartrouville\/wp-json\/wp\/v2\/tags?post=514"}],"curies":[{"name":"wp","href":"https:\/\/api.w.org\/{rel}","templated":true}]}}