{"id":488,"date":"2019-05-12T11:26:46","date_gmt":"2019-05-12T09:26:46","guid":{"rendered":"http:\/\/www.fcpe78.fr\/cl\/sartrouville\/?page_id=488"},"modified":"2020-09-27T10:16:46","modified_gmt":"2020-09-27T08:16:46","slug":"dossiers-thematiques","status":"publish","type":"page","link":"https:\/\/www.fcpe78.fr\/cl\/sartrouville\/dossiers-thematiques\/","title":{"rendered":"Dossiers th\u00e9matiques"},"content":{"rendered":"\n<!-- Page-list plugin v.5.6 wordpress.org\/plugins\/page-list\/ -->\n<ul class=\"page-list subpages-page-list \">\n<li class=\"page_item page-item-846\"><a href=\"https:\/\/www.fcpe78.fr\/cl\/sartrouville\/dossiers-thematiques\/academie-versailles-dsden-78\/\">Acad\u00e9mie Versailles &#8211; DSDEN 78<\/a><\/li>\n<li class=\"page_item page-item-722 page_item_has_children\"><a href=\"https:\/\/www.fcpe78.fr\/cl\/sartrouville\/dossiers-thematiques\/acteurs-de-la-vie-scolaire\/\">Acteurs de la vie scolaire<\/a>\n<ul class='children'>\n\t<li class=\"page_item page-item-766\"><a href=\"https:\/\/www.fcpe78.fr\/cl\/sartrouville\/dossiers-thematiques\/acteurs-de-la-vie-scolaire\/contacts-et-interactions-vie-scolaire-association-fcpe-ville-parents-deleves\/\">Contacts et interactions vie scolaire, association FCPE, ville, parents d&rsquo;\u00e9l\u00e8ves, &#8230;<\/a><\/li>\n\t<li class=\"page_item page-item-1134\"><a href=\"https:\/\/www.fcpe78.fr\/cl\/sartrouville\/dossiers-thematiques\/acteurs-de-la-vie-scolaire\/elections-des-representants-des-parents-deleves\/\">Elections des repr\u00e9sentants des parents d&rsquo;\u00e9l\u00e8ves<\/a><\/li>\n\t<li class=\"page_item page-item-1979\"><a href=\"https:\/\/www.fcpe78.fr\/cl\/sartrouville\/dossiers-thematiques\/acteurs-de-la-vie-scolaire\/la-vie-a-lecole-primaire\/\">La vie \u00e0 l&rsquo;\u00e9cole primaire<\/a><\/li>\n\t<li class=\"page_item page-item-576\"><a href=\"https:\/\/www.fcpe78.fr\/cl\/sartrouville\/dossiers-thematiques\/acteurs-de-la-vie-scolaire\/le-guide-du-delegue-de-classe\/\">Le guide du d\u00e9l\u00e9gu\u00e9 de classe<\/a><\/li>\n\t<li class=\"page_item page-item-696\"><a href=\"https:\/\/www.fcpe78.fr\/cl\/sartrouville\/dossiers-thematiques\/acteurs-de-la-vie-scolaire\/les-acteurs-du-systeme-educatif\/\">Les acteurs du syst\u00e8me \u00e9ducatif<\/a><\/li>\n\t<li class=\"page_item page-item-539\"><a href=\"https:\/\/www.fcpe78.fr\/cl\/sartrouville\/dossiers-thematiques\/acteurs-de-la-vie-scolaire\/les-representants-de-parents-deleves\/\">Les repr\u00e9sentants de Parents d&rsquo;\u00e9l\u00e8ves<\/a><\/li>\n\t<li class=\"page_item page-item-778\"><a href=\"https:\/\/www.fcpe78.fr\/cl\/sartrouville\/dossiers-thematiques\/acteurs-de-la-vie-scolaire\/role-des-parents-a-lecole\/\">R\u00f4le des parents \u00e0 l&rsquo;\u00e9cole<\/a><\/li>\n<\/ul>\n<\/li>\n<li class=\"page_item page-item-1988 page_item_has_children\"><a href=\"https:\/\/www.fcpe78.fr\/cl\/sartrouville\/dossiers-thematiques\/numerique-covid-et-continuite-pedagogique\/\">Autres &#8211; num\u00e9rique, PAI, P.., continuit\u00e9 p\u00e9dagogique, &#8230;<\/a>\n<ul class='children'>\n\t<li class=\"page_item page-item-3039\"><a href=\"https:\/\/www.fcpe78.fr\/cl\/sartrouville\/dossiers-thematiques\/numerique-covid-et-continuite-pedagogique\/amenagements-pedagogiques-pai-ppre-pap-pps-geva-mdph-quesaco\/\">Am\u00e9nagements p\u00e9dagogiques PAI, PPRE, PAP, PPS, GEVA, MDPH, DYS, ULIS ?<\/a><\/li>\n\t<li class=\"page_item page-item-1241\"><a href=\"https:\/\/www.fcpe78.fr\/cl\/sartrouville\/dossiers-thematiques\/numerique-covid-et-continuite-pedagogique\/accompagnement-numerique-et-vigilance\/\">Comment accompagner vers le num\u00e9rique ?<\/a><\/li>\n\t<li class=\"page_item page-item-2074\"><a href=\"https:\/\/www.fcpe78.fr\/cl\/sartrouville\/dossiers-thematiques\/numerique-covid-et-continuite-pedagogique\/mediation-a-lecole-harcelement\/\">M\u00e9diation \u00e0 l&rsquo;\u00e9cole, harc\u00e9lement, &#8230;<\/a><\/li>\n<\/ul>\n<\/li>\n<li class=\"page_item page-item-543\"><a href=\"https:\/\/www.fcpe78.fr\/cl\/sartrouville\/dossiers-thematiques\/commissions-des-menus\/\">Commissions des menus<\/a><\/li>\n<li class=\"page_item page-item-783\"><a href=\"https:\/\/www.fcpe78.fr\/cl\/sartrouville\/dossiers-thematiques\/commission-scolaires\/\">Commissions scolaires<\/a><\/li>\n<li class=\"page_item page-item-567 page_item_has_children\"><a href=\"https:\/\/www.fcpe78.fr\/cl\/sartrouville\/dossiers-thematiques\/en-primaire\/\">Primaire, p\u00e9riscolaire, inscription<\/a>\n<ul class='children'>\n\t<li class=\"page_item page-item-607\"><a href=\"https:\/\/www.fcpe78.fr\/cl\/sartrouville\/dossiers-thematiques\/en-primaire\/ifac-les-accueils-de-loisirs\/\">IFAC &#8211; Les accueils de loisirs<\/a><\/li>\n\t<li class=\"page_item page-item-501\"><a href=\"https:\/\/www.fcpe78.fr\/cl\/sartrouville\/dossiers-thematiques\/en-primaire\/le-conseil-decole\/\">Le conseil d&rsquo;\u00e9cole<\/a><\/li>\n\t<li class=\"page_item page-item-699\"><a href=\"https:\/\/www.fcpe78.fr\/cl\/sartrouville\/dossiers-thematiques\/en-primaire\/les-inscriptions-scolaires\/\">Les inscriptions et la carte scolaire<\/a><\/li>\n\t<li class=\"page_item page-item-603\"><a href=\"https:\/\/www.fcpe78.fr\/cl\/sartrouville\/dossiers-thematiques\/en-primaire\/les-rythmes-scolaires\/\">Les rythmes scolaires<\/a><\/li>\n\t<li class=\"page_item page-item-694\"><a href=\"https:\/\/www.fcpe78.fr\/cl\/sartrouville\/dossiers-thematiques\/en-primaire\/les-programmes-en-maternelle\/\">Maternelle : les programmes<\/a><\/li>\n\t<li class=\"page_item page-item-740\"><a href=\"https:\/\/www.fcpe78.fr\/cl\/sartrouville\/dossiers-thematiques\/en-primaire\/maternelle-livret-accueil-petite-section\/\">Maternelle : livret d&rsquo;accueil petite section<\/a><\/li>\n<\/ul>\n<\/li>\n<li class=\"page_item page-item-561 page_item_has_children\"><a href=\"https:\/\/www.fcpe78.fr\/cl\/sartrouville\/dossiers-thematiques\/les-comissions\/\">Secondaire : commissions, conseils, cantine,&#8230;<\/a>\n<ul class='children'>\n\t<li class=\"page_item page-item-3407\"><a href=\"https:\/\/www.fcpe78.fr\/cl\/sartrouville\/dossiers-thematiques\/les-comissions\/commission-dappel-memo-pour-les-parents-qui-siegent\/\">Commission d&rsquo;appel &#8211; MEMO pour les parents qui si\u00e8gent<\/a><\/li>\n\t<li class=\"page_item page-item-521\"><a href=\"https:\/\/www.fcpe78.fr\/cl\/sartrouville\/dossiers-thematiques\/les-comissions\/la-commission-dhygiene-et-de-securite-c-h-s\/\">La commission d&rsquo;hygi\u00e8ne et de s\u00e9curit\u00e9 (C.H.S.)<\/a><\/li>\n\t<li class=\"page_item page-item-3185\"><a href=\"https:\/\/www.fcpe78.fr\/cl\/sartrouville\/dossiers-thematiques\/les-comissions\/la-commission-educative-en-college-et-lycee\/\">La commission \u00e9ducative en coll\u00e8ge et lyc\u00e9e<\/a><\/li>\n\t<li class=\"page_item page-item-514\"><a href=\"https:\/\/www.fcpe78.fr\/cl\/sartrouville\/dossiers-thematiques\/les-comissions\/la-commission-permanente\/\">La commission permanente<\/a><\/li>\n\t<li class=\"page_item page-item-2451\"><a href=\"https:\/\/www.fcpe78.fr\/cl\/sartrouville\/dossiers-thematiques\/les-comissions\/dhg-trm-hsa-bmp-cta-csd-imp-ors-ces-acronymes-qui-jalonnent-la-gestion-des-moyens-des-etablissements\/\">La gestion des moyens des \u00e9tablissements : DHG, TRMD, HSA, BMP, CTA, CSD, IMP, ORS, ONDE, IMP, TAP, &#8230;<\/a><\/li>\n\t<li class=\"page_item page-item-3046\"><a href=\"https:\/\/www.fcpe78.fr\/cl\/sartrouville\/dossiers-thematiques\/les-comissions\/le-comite-deducation-a-la-sante-et-a-la-citoyennete-et-lenvironnement-cesce\/\">Le comit\u00e9 d&rsquo;\u00e9ducation \u00e0 la sant\u00e9 et \u00e0 la citoyennet\u00e9 et l&rsquo;environnement (CESCE)<\/a><\/li>\n\t<li class=\"page_item page-item-497\"><a href=\"https:\/\/www.fcpe78.fr\/cl\/sartrouville\/dossiers-thematiques\/les-comissions\/le-conseil-dadministration\/\">Le conseil d&rsquo;administration<\/a><\/li>\n\t<li class=\"page_item page-item-478\"><a href=\"https:\/\/www.fcpe78.fr\/cl\/sartrouville\/dossiers-thematiques\/les-comissions\/le-conseil-de-classe\/\">Le conseil de classe<\/a><\/li>\n\t<li class=\"page_item page-item-518\"><a href=\"https:\/\/www.fcpe78.fr\/cl\/sartrouville\/dossiers-thematiques\/les-comissions\/le-conseil-de-discipline\/\">Le conseil de discipline en coll\u00e8ge et lyc\u00e9e<\/a><\/li>\n\t<li class=\"page_item page-item-2008\"><a href=\"https:\/\/www.fcpe78.fr\/cl\/sartrouville\/dossiers-thematiques\/les-comissions\/clg-cantine\/\">Repas et cantine des coll\u00e8ges<\/a><\/li>\n<\/ul>\n<\/li>\n\n<\/ul>\n","protected":false},"excerpt":{"rendered":"","protected":false},"author":46,"featured_media":0,"parent":0,"menu_order":0,"comment_status":"closed","ping_status":"closed","template":"","meta":{"_seopress_robots_primary_cat":"","jetpack_post_was_ever_published":false},"categories":[],"tags":[],"jetpack_sharing_enabled":true,"jetpack_shortlink":"https:\/\/wp.me\/PaYu4P-7S","_links":{"self":[{"href":"https:\/\/www.fcpe78.fr\/cl\/sartrouville\/wp-json\/wp\/v2\/pages\/488"}],"collection":[{"href":"https:\/\/www.fcpe78.fr\/cl\/sartrouville\/wp-json\/wp\/v2\/pages"}],"about":[{"href":"https:\/\/www.fcpe78.fr\/cl\/sartrouville\/wp-json\/wp\/v2\/types\/page"}],"author":[{"embeddable":true,"href":"https:\/\/www.fcpe78.fr\/cl\/sartrouville\/wp-json\/wp\/v2\/users\/46"}],"replies":[{"embeddable":true,"href":"https:\/\/www.fcpe78.fr\/cl\/sartrouville\/wp-json\/wp\/v2\/comments?post=488"}],"version-history":[{"count":2,"href":"https:\/\/www.fcpe78.fr\/cl\/sartrouville\/wp-json\/wp\/v2\/pages\/488\/revisions"}],"predecessor-version":[{"id":490,"href":"https:\/\/www.fcpe78.fr\/cl\/sartrouville\/wp-json\/wp\/v2\/pages\/488\/revisions\/490"}],"wp:attachment":[{"href":"https:\/\/www.fcpe78.fr\/cl\/sartrouville\/wp-json\/wp\/v2\/media?parent=488"}],"wp:term":[{"taxonomy":"category","embeddable":true,"href":"https:\/\/www.fcpe78.fr\/cl\/sartrouville\/wp-json\/wp\/v2\/categories?post=488"},{"taxonomy":"post_tag","embeddable":true,"href":"https:\/\/www.fcpe78.fr\/cl\/sartrouville\/wp-json\/wp\/v2\/tags?post=488"}],"curies":[{"name":"wp","href":"https:\/\/api.w.org\/{rel}","templated":true}]}}