{"id":1979,"date":"2020-10-18T13:45:41","date_gmt":"2020-10-18T11:45:41","guid":{"rendered":"https:\/\/www.fcpe78.fr\/cl\/sartrouville\/?page_id=1979"},"modified":"2021-04-05T08:25:54","modified_gmt":"2021-04-05T06:25:54","slug":"la-vie-a-lecole-primaire","status":"publish","type":"page","link":"https:\/\/www.fcpe78.fr\/cl\/sartrouville\/dossiers-thematiques\/acteurs-de-la-vie-scolaire\/la-vie-a-lecole-primaire\/","title":{"rendered":"La vie \u00e0 l&rsquo;\u00e9cole primaire"},"content":{"rendered":"\n<p>Cette page rassemble quelques guides, chartes et r\u00e9glements. Nous avons fait le choix de les mettre \u00e0 disposition des parents pour donner quelques r\u00e9ponses aux questions du quotidien.<\/p>\n\n\n\n<p>Ces documents sont le le fruit d&rsquo;une collaboration des parents de l&rsquo;\u00e9cole Paul Langevin avec les dif\u00e9rentes directions \u00e9cole, garderie, mairie. Il est possible que cela soit l\u00e9g\u00e8rement diff\u00e9rent dans une autre \u00e9cole de Sartrouville.<\/p>\n\n\n\n<p>Ces documents sont en date de 2019 pour certains et il est possible qu&rsquo;il ne soient plus d&rsquo;actualit\u00e9 malgr\u00e9 notre vigilance. <\/p>\n\n\n\n<p>Chers parents, vos contributions \u00e0 la relecture, \u00e0 la communication des mises \u00e0 jour sont bienvenues que vous soyez adh\u00e9rents ou non.<\/p>\n\n\n\n<p><a href=\"https:\/\/drive.google.com\/file\/d\/1BEs6wgxQwChYDcY1Vcz4sJf6DjrjK3mw\/view?usp=sharing\" target=\"_blank\" rel=\"noreferrer noopener\">R\u00e9glement int\u00e9rieur<\/a><\/p>\n\n\n\n<p><a href=\"https:\/\/drive.google.com\/file\/d\/1pTp9hITECBUWb1OZPJdC88i4fGpwy-J3\/view?usp=sharing\" target=\"_blank\" rel=\"noreferrer noopener\">Guide de l&rsquo;enfant sur le temps m\u00e9ridien<\/a><\/p>\n\n\n\n<p><a href=\"https:\/\/drive.google.com\/file\/d\/1bMzABJ8BDfCmsRxQ25kxvjg6FcE4qUT5\/view?usp=sharing\" target=\"_blank\" rel=\"noreferrer noopener\">Le r\u00e9glement de l&rsquo;\u00e9tude surveill\u00e9e<\/a><\/p>\n\n\n\n<p><a href=\"https:\/\/drive.google.com\/file\/d\/10ZiAafjrdCMbINOT5ipNLrdWvLXZt__3\/view?usp=sharing\" target=\"_blank\" rel=\"noreferrer noopener\">Livret parent pour l&rsquo;\u00e9cole \u00e9l\u00e9mentaire<\/a><\/p>\n\n\n\n<p><a href=\"https:\/\/drive.google.com\/file\/d\/1kv8rcnmwSJ9lcnUCM-albisUEanV2GOS\/view?usp=sharing\" target=\"_blank\" rel=\"noreferrer noopener\">La s\u00e9curit\u00e9 \u00e0 l&rsquo;\u00e9cole vue du directeur d&rsquo;\u00e9cole<\/a><\/p>\n\n\n\n<p><a href=\"https:\/\/drive.google.com\/file\/d\/1SJtdhg4uPeiiTi-MAOYN0XQagcQf75Nk\/view?usp=sharing\" target=\"_blank\" rel=\"noreferrer noopener\">Guide du parent accompagnateur<\/a><\/p>\n\n\n\n<p><a rel=\"noreferrer noopener\" href=\"https:\/\/drive.google.com\/file\/d\/167UXdSwfiIrc1GDokpyx40TrKPCcVGvn\/view?usp=sharing\" target=\"_blank\">L&rsquo;\u00e9cole \u00e0 Sartrouville comment \u00e7a marche<\/a><\/p>\n\n\n\n<p><strong><a rel=\"noreferrer noopener\" href=\"https:\/\/www.fcpe78.fr\/cl\/sartrouville\/contact_fcpe_sartrouville\/\" target=\"_blank\">Une suggestion, suivez le lien<\/a><\/strong><\/p>\n","protected":false},"excerpt":{"rendered":"<p>Cette page rassemble quelques guides, chartes et r\u00e9glements. Nous avons fait le choix de les mettre \u00e0 disposition des parents pour donner quelques r\u00e9ponses aux questions du quotidien. Ces documents <a class=\"more-link\" href=\"https:\/\/www.fcpe78.fr\/cl\/sartrouville\/dossiers-thematiques\/acteurs-de-la-vie-scolaire\/la-vie-a-lecole-primaire\/\">Lire plus &#8230;<\/a><\/p>\n","protected":false},"author":46,"featured_media":1309,"parent":722,"menu_order":0,"comment_status":"closed","ping_status":"closed","template":"","meta":{"_seopress_robots_primary_cat":"","jetpack_post_was_ever_published":false},"categories":[32,4],"tags":[],"jetpack_sharing_enabled":true,"jetpack_shortlink":"https:\/\/wp.me\/PaYu4P-vV","_links":{"self":[{"href":"https:\/\/www.fcpe78.fr\/cl\/sartrouville\/wp-json\/wp\/v2\/pages\/1979"}],"collection":[{"href":"https:\/\/www.fcpe78.fr\/cl\/sartrouville\/wp-json\/wp\/v2\/pages"}],"about":[{"href":"https:\/\/www.fcpe78.fr\/cl\/sartrouville\/wp-json\/wp\/v2\/types\/page"}],"author":[{"embeddable":true,"href":"https:\/\/www.fcpe78.fr\/cl\/sartrouville\/wp-json\/wp\/v2\/users\/46"}],"replies":[{"embeddable":true,"href":"https:\/\/www.fcpe78.fr\/cl\/sartrouville\/wp-json\/wp\/v2\/comments?post=1979"}],"version-history":[{"count":1,"href":"https:\/\/www.fcpe78.fr\/cl\/sartrouville\/wp-json\/wp\/v2\/pages\/1979\/revisions"}],"predecessor-version":[{"id":1982,"href":"https:\/\/www.fcpe78.fr\/cl\/sartrouville\/wp-json\/wp\/v2\/pages\/1979\/revisions\/1982"}],"up":[{"embeddable":true,"href":"https:\/\/www.fcpe78.fr\/cl\/sartrouville\/wp-json\/wp\/v2\/pages\/722"}],"wp:featuredmedia":[{"embeddable":true,"href":"https:\/\/www.fcpe78.fr\/cl\/sartrouville\/wp-json\/wp\/v2\/media\/1309"}],"wp:attachment":[{"href":"https:\/\/www.fcpe78.fr\/cl\/sartrouville\/wp-json\/wp\/v2\/media?parent=1979"}],"wp:term":[{"taxonomy":"category","embeddable":true,"href":"https:\/\/www.fcpe78.fr\/cl\/sartrouville\/wp-json\/wp\/v2\/categories?post=1979"},{"taxonomy":"post_tag","embeddable":true,"href":"https:\/\/www.fcpe78.fr\/cl\/sartrouville\/wp-json\/wp\/v2\/tags?post=1979"}],"curies":[{"name":"wp","href":"https:\/\/api.w.org\/{rel}","templated":true}]}}