{"id":1793,"date":"2020-09-27T12:01:09","date_gmt":"2020-09-27T10:01:09","guid":{"rendered":"https:\/\/www.fcpe78.fr\/cl\/sartrouville\/?page_id=1793"},"modified":"2021-09-26T23:51:35","modified_gmt":"2021-09-26T21:51:35","slug":"se-former","status":"publish","type":"page","link":"https:\/\/www.fcpe78.fr\/cl\/sartrouville\/se-former\/","title":{"rendered":"Se former, se lancer avec la FCPE"},"content":{"rendered":"\n<h3><img decoding=\"async\" loading=\"lazy\" class=\"alignleft wp-image-2336 size-full\" src=\"https:\/\/i0.wp.com\/www.fcpe78.fr\/cl\/sartrouville\/files\/2021\/04\/parent-eleve-ca-implique-1.png?resize=188%2C160&#038;ssl=1\" alt=\"\" width=\"188\" height=\"160\" data-recalc-dims=\"1\" \/><\/h3>\n<h4><strong><a href=\"https:\/\/www.fcpe.asso.fr\/actualite\/jaimemonecolepublique-lespace-de-formation-de-la-fcpe\" target=\"_blank\" rel=\"noopener noreferrer\">Des formations FCPE pour vous accompagner<\/a><\/strong><\/h4>\n<h4><strong><a href=\"https:\/\/www.fcpe78.fr\/events\/\" target=\"_blank\" rel=\"noopener noreferrer\">Retrouvez les formations d\u00e9partementale du CDPE78<\/a><\/strong><\/h4>\n<h4><strong><a href=\"https:\/\/www.fcpe.asso.fr\/campagnes\" target=\"_blank\" rel=\"noopener noreferrer\">Les campagnes d&rsquo;information de la FCPE<\/a><\/strong><\/h4>\n<h4><a href=\"https:\/\/jaimemonecolepublique.fr\/\" target=\"_blank\" rel=\"noopener\"><strong>Les formations nationales pour les parents d&rsquo;\u00e9l\u00e8ves<\/strong><\/a><\/h4>\n<h3>\u00a0<\/h3>\n<h3><strong>Les articles en lien avec la formation pour vous accompagner, parents d&rsquo;\u00e9l\u00e8ves et repr\u00e9sentants des parents<\/strong><\/h3>\n<p><strong><ul class=\"lcp_catlist\" id=\"lcp_instance_0\"><li><a href=\"https:\/\/www.fcpe78.fr\/cl\/sartrouville\/2025\/05\/se-former-et-eclairer-la-vie-scolaire-de-nos-enfants\/\">Se former et \u00e9clairer la vie scolaire de nos enfants<\/a><\/li><li><a href=\"https:\/\/www.fcpe78.fr\/cl\/sartrouville\/2020\/08\/guide-des-parents-confines\/\">Guide des parents en t\u00e9l\u00e9travail intensif<\/a><\/li><li><a href=\"https:\/\/www.fcpe78.fr\/cl\/sartrouville\/2020\/03\/cours-podcasts-audio-et-video-ebooks\/\">Cours, podcasts audio et video, eBooks, &#8230;<\/a><\/li><li><a href=\"https:\/\/www.fcpe78.fr\/cl\/sartrouville\/2020\/03\/quelques-solutions-collaboratives-qui-peuvent-faciliter-le-travail-et-lenseignement-a-distance\/\">Outils collaboratifs pour faciliter le travail et l&rsquo;enseignement \u00e0 distance<\/a><\/li><li><a href=\"https:\/\/www.fcpe78.fr\/cl\/sartrouville\/2018\/04\/vous-souhaitez-vous-abonner-a-nos-informations\/\">Vous souhaitez vous abonner \u00e0 nos informations<\/a><\/li><\/ul><\/strong><\/p>\n<h3><strong>Au niveau local, dans votre \u00e9tablissement, \u00e9cole, coll\u00e8ge<\/strong><\/h3>\n<h4><strong>Un conseil local FCPE ?<\/strong><\/h4>\n<p>Il est constitu\u00e9 d&rsquo;<strong>un groupe de parents qui adh\u00e9rent \u00e0 la FCPE. <\/strong><strong>Une assembl\u00e9e g\u00e9n\u00e9rale<\/strong> permet de proc\u00e9der \u00e0 <strong>l\u2019\u00e9lection d\u2019un bureau (pr\u00e9sident, secr\u00e9taire, tr\u00e9sorier).<\/strong><\/p>\n<p>Le statut de conseil local <strong>ouvre droit \u00e0 diffuser de l\u2019information par le biais des \u00e9tablissements \u00e0 tous les parents,<\/strong> \u00e0 pr\u00e9senter des listes aux \u00e9lections et permet aussi de b\u00e9n\u00e9ficier d\u2019une assurance pour toutes les activit\u00e9s.<\/p>\n<h4 class=\" wp-image-305 \"><strong>Comment cr\u00e9er un conseil local ?<br \/><\/strong><\/h4>\n<p class=\" wp-image-305 \"><strong> le conseil local FCPE peut \u00eatre cr\u00e9\u00e9<\/strong> <strong>aupr\u00e8s de chaque \u00e9cole ou groupe scolaire, de chaque coll\u00e8ge, de chaque lyc\u00e9e<\/strong> en regroupant l\u2019ensemble des adh\u00e9rents (2 suffisent). Il est soit une section de la f\u00e9d\u00e9ration d\u00e9partementale, sans personnalit\u00e9 juridique propre, soit d\u00e9clar\u00e9 en association (obligatoire pour les conseils locaux qui organisent une bourse aux livres, une bourse aux fournitures ou des \u00ab f\u00eates \u00bb d\u2019\u00e9cole).<\/p>\n<h4><img decoding=\"async\" loading=\"lazy\" class=\"alignnone wp-image-8\" src=\"https:\/\/i0.wp.com\/www.fcpe78.fr\/cl\/sartrouville\/files\/2019\/05\/78fcpe-Sartrouville-e1557477975506.png?resize=86%2C86&#038;ssl=1\" alt=\"Logo FCPE de Sartrouville\" width=\"86\" height=\"86\" data-recalc-dims=\"1\" \/><strong><a href=\"https:\/\/www.fcpe78.fr\/cl\/sartrouville\/contact_fcpe_sartrouville\/\" target=\"_blank\" rel=\"noopener noreferrer\">Notre r\u00e9seau de parents FCPE sur Sartrouville peut vous accompagner, pour nous solliciter suivez le lien<\/a><\/strong><\/h4>\n","protected":false},"excerpt":{"rendered":"<p>Des formations FCPE pour vous accompagner Retrouvez les formations d\u00e9partementale du CDPE78 Les campagnes d&rsquo;information de la FCPE Les formations nationales pour les parents d&rsquo;\u00e9l\u00e8ves \u00a0 Les articles en lien <a class=\"more-link\" href=\"https:\/\/www.fcpe78.fr\/cl\/sartrouville\/se-former\/\">Lire plus &#8230;<\/a><\/p>\n","protected":false},"author":46,"featured_media":1811,"parent":0,"menu_order":0,"comment_status":"closed","ping_status":"closed","template":"","meta":{"_seopress_robots_primary_cat":"","jetpack_post_was_ever_published":false},"categories":[32],"tags":[56,44],"jetpack_sharing_enabled":true,"jetpack_shortlink":"https:\/\/wp.me\/PaYu4P-sV","_links":{"self":[{"href":"https:\/\/www.fcpe78.fr\/cl\/sartrouville\/wp-json\/wp\/v2\/pages\/1793"}],"collection":[{"href":"https:\/\/www.fcpe78.fr\/cl\/sartrouville\/wp-json\/wp\/v2\/pages"}],"about":[{"href":"https:\/\/www.fcpe78.fr\/cl\/sartrouville\/wp-json\/wp\/v2\/types\/page"}],"author":[{"embeddable":true,"href":"https:\/\/www.fcpe78.fr\/cl\/sartrouville\/wp-json\/wp\/v2\/users\/46"}],"replies":[{"embeddable":true,"href":"https:\/\/www.fcpe78.fr\/cl\/sartrouville\/wp-json\/wp\/v2\/comments?post=1793"}],"version-history":[{"count":15,"href":"https:\/\/www.fcpe78.fr\/cl\/sartrouville\/wp-json\/wp\/v2\/pages\/1793\/revisions"}],"predecessor-version":[{"id":2568,"href":"https:\/\/www.fcpe78.fr\/cl\/sartrouville\/wp-json\/wp\/v2\/pages\/1793\/revisions\/2568"}],"wp:featuredmedia":[{"embeddable":true,"href":"https:\/\/www.fcpe78.fr\/cl\/sartrouville\/wp-json\/wp\/v2\/media\/1811"}],"wp:attachment":[{"href":"https:\/\/www.fcpe78.fr\/cl\/sartrouville\/wp-json\/wp\/v2\/media?parent=1793"}],"wp:term":[{"taxonomy":"category","embeddable":true,"href":"https:\/\/www.fcpe78.fr\/cl\/sartrouville\/wp-json\/wp\/v2\/categories?post=1793"},{"taxonomy":"post_tag","embeddable":true,"href":"https:\/\/www.fcpe78.fr\/cl\/sartrouville\/wp-json\/wp\/v2\/tags?post=1793"}],"curies":[{"name":"wp","href":"https:\/\/api.w.org\/{rel}","templated":true}]}}