{"id":1241,"date":"2021-03-20T05:21:00","date_gmt":"2021-03-20T04:21:00","guid":{"rendered":"https:\/\/www.fcpe78.fr\/cl\/sartrouville\/?page_id=1241"},"modified":"2022-09-05T16:31:07","modified_gmt":"2022-09-05T14:31:07","slug":"accompagnement-numerique-et-vigilance","status":"publish","type":"page","link":"https:\/\/www.fcpe78.fr\/cl\/sartrouville\/dossiers-thematiques\/numerique-covid-et-continuite-pedagogique\/accompagnement-numerique-et-vigilance\/","title":{"rendered":"Comment accompagner vers le num\u00e9rique ?"},"content":{"rendered":"<h4><strong><a href=\"https:\/\/extraclasse.reseau-canope.fr\/202011131249-la-nouvelle-e-gouvernance.html\" target=\"_blank\" rel=\"noopener\">Retour d&rsquo;exp\u00e9rience sur l&rsquo;organisation des enseignants pour la continuit\u00e9 p\u00e9dagogique avec le num\u00e9rique<\/a><\/strong><br \/>\n<em>\u00ab\u00a0Le choix des outils mais un acc\u00e8s centralis\u00e9 homog\u00e8ne !<br \/>\n<\/em><em>Cr\u00e9ativit\u00e9 et confiance, acconpagnement et m\u00e9dias usuels des \u00e9l\u00e9ves.<br \/>\nMaintenir le contact \u00e0 tout prix !\u00a0\u00bb<\/em><\/h4>\n<p>Les risques associ\u00e9s aux usages de l\u2019Internet doivent absolument \u00eatre adress\u00e9s avec les jeunes pour inscrire leurs usages de ce m\u00e9dia dans un contexte positif. Reconna\u00eetre et trouver la bonne information; prot\u00e9ger ses donn\u00e9es personnelles &#8230; Ici ce sont aussi des astuces pour la continuit\u00e9 p\u00e9dagogique, des outils collaboratifs, &#8230;<\/p>\n<h4><a href=\"https:\/\/www.fcpe78.fr\/cl\/sartrouville\/2020\/03\/cours-podcasts-audio-et-video-ebooks\/\" target=\"_blank\" rel=\"noopener noreferrer\"><strong>&#8211; Cours, podcasts et ebooks pour inspirer la continuit\u00e9 p\u00e9dagogique ou simplement par curiosit\u00e9<\/strong><\/a><\/h4>\n<h4><strong><a href=\"https:\/\/www.fcpe78.fr\/cl\/sartrouville\/2020\/03\/solutions-pedagogiques-a-distance\/\" target=\"_blank\" rel=\"noopener noreferrer\">&#8211; Astuces pour l&rsquo;enseignement \u00e0 distance<\/a><\/strong><\/h4>\n<h4><a href=\"https:\/\/www.fcpe78.fr\/cl\/sartrouville\/2020\/03\/quelques-solutions-collaboratives-qui-peuvent-faciliter-le-travail-et-lenseignement-a-distance\/\" target=\"_blank\" rel=\"noopener noreferrer\"><strong>&#8211; Outils collaboratifs num\u00e9riques<\/strong><\/a><\/h4>\n<h2>Devenir un internaute averti et citoyen<\/h2>\n<p><img decoding=\"async\" loading=\"lazy\" class=\"size-full wp-image-1811 alignleft\" src=\"https:\/\/i0.wp.com\/www.fcpe78.fr\/cl\/sartrouville\/files\/2020\/09\/formation.jpg?resize=337%2C149&#038;ssl=1\" alt=\"Se former\" width=\"337\" height=\"149\" srcset=\"https:\/\/i0.wp.com\/www.fcpe78.fr\/cl\/sartrouville\/files\/2020\/09\/formation.jpg?w=337&amp;ssl=1 337w, https:\/\/i0.wp.com\/www.fcpe78.fr\/cl\/sartrouville\/files\/2020\/09\/formation.jpg?resize=300%2C133&amp;ssl=1 300w\" sizes=\"(max-width: 337px) 100vw, 337px\" data-recalc-dims=\"1\" \/> Reconna\u00eetre et trouver la bonne information; prot\u00e9ger ses donn\u00e9es personnelles; ne pas exposer autrui; respecter le droit d&rsquo;auteur et le droit \u00e0 l&rsquo;image; se poser les bonnes questions avant de publier, d&rsquo;accepter un ami, d&rsquo;\u00e9changer des informations, de remplir un formulaire ou t\u00e9l\u00e9charger une application; se prot\u00e9ger et r\u00e9agir en cas d&rsquo;exposition \u00e0 des contenus ind\u00e9sirables, de demande de rencontres, d&rsquo;usurpation d&rsquo;identit\u00e9, ou d&rsquo;harc\u00e8lement en ligne; comprendre la valeur des donn\u00e9es et les mod\u00e8les \u00e9conomiques pour ne pas s&rsquo;enfermer dans une posture passive d&rsquo;utilisateur-consommateur&#8230;<\/p>\n<p>Autre enjeu cl\u00e9 : faire passer les jeunes d&rsquo;une posture de consommateurs \u00e0 celui de cr\u00e9ateur de num\u00e9rique en leur donnant les \u00e9l\u00e9ments de savoir, savoir-faire et savoir \u00eatre n\u00e9cessaires pour comprendre ce qui se passe derri\u00e8re les \u00e9crans et \u00eatre en mesure de cr\u00e9er leurs propres contenus.<\/p>\n<h2>Articles du site<\/h2>\n<h4><a href=\"https:\/\/www.fcpe78.fr\/cl\/sartrouville\/2019\/05\/technique-et-pratique-sur-lutilisation-des-reseaux-sociaux\/\" target=\"_blank\" rel=\"noopener noreferrer\">2019\/05 technique-et-pratique-sur-l&rsquo;usage-des-reseaux-sociaux<\/a><\/h4>\n<h2><a href=\"http:\/\/www.internetsanscrainte.fr\/\" target=\"_blank\" rel=\"noopener noreferrer\"><strong>Internet Sans Crainte<\/strong> <\/a><\/h2>\n<p><strong>Objectifs :<\/strong> Un lieu de rencontre de r\u00e9f\u00e9rence pour tous les acteurs impliqu\u00e9s dans l&rsquo;\u00e9ducation critique au num\u00e9rique des jeunes. Le programme a pour vocation de:<br \/>\n* Sensibiliser les jeunes aux risques et usages d\u2019Internet, leur apprendre \u00e0 se poser les bonnes questions et d\u00e9velopper les bons r\u00e9flexes.<br \/>\n* D\u00e9velopper des pratiques plus s\u00fbres, citoyennes et cr\u00e9atives en ligne<br \/>\n* Sensibiliser et informer leurs parents et enseignants afin qu\u2019ils puissent les accompagner<br \/>\n* Donner aux animateurs et enseignants des outils pratiques pour cr\u00e9er facilement des ateliers de sensibilisation et de cr\u00e9ation aupr\u00e8s des jeunes dont ils ont la charge<br \/>\n* Former les professionnels<br \/>\nLes actions men\u00e9es par Internet sans Crainte s\u2019articulent autour du site <a href=\"http:\/\/www.internetsanscrainte.fr\/\" target=\"_blank\" rel=\"noopener noreferrer\">www.internetsanscrainte.fr<\/a> et des programmes d&rsquo;\u00e9ducation d\u00e9velopp\u00e9s dans le cadre du programme :&nbsp; <a href=\"http:\/\/www.internetsanscrainte.fr\/le-coin-des-juniors\/dessin-anime-du-mois\">Vinz et Lou sur Internet<\/a> pour les 7-12 ans , <a href=\"http:\/\/2025exmachina.net\">2025 exmachina<\/a>&nbsp; et l&rsquo;<a href=\"http:\/\/www.isoloir.net\">Isoloir<\/a> pour les 13-17 ans.<\/p>\n<p>Elles s&rsquo;appuient \u00e9galement sur d&rsquo;autres ressources d\u00e9velopp\u00e9es par Tralalere:<\/p>\n<p>&#8211; En ce qui concerne le cyber-harc\u00e8lement sur la S\u00e9rie<a href=\"http:\/\/www.vinzetlou.net\/vinz-et-lou-stoppent-la-violence\/dessins-animes-du-mois\"> Vinz et Lou Stoppent la Violence <\/a>et le&nbsp; Serious Game<a href=\"http:\/\/www.stoplaviolence.net\"> Stop La Violence<\/a> pour les 13-17 ans d\u00e9velopp\u00e9s par Tralalere.<\/p>\n<p>&#8211; Et pour l&rsquo;\u00e9ducation au code et \u00e0 la culture code sur le programme en cours de cr\u00e9ation <a href=\"http:\/\/www.code-decode.net\">code-decode<\/a><\/p>\n<ul>\n<li>\n<h3><a href=\"http:\/\/www.internetsanscrainte.fr\/\" target=\"_blank\" rel=\"noopener noreferrer\"><strong>www.internetsanscrainte.fr<\/strong><\/a><\/h3>\n<\/li>\n<\/ul>\n<p>Depuis novembre 2006, le site officiel du programme propose un \u00e9ventail complet d\u2019informations et d\u2019outils \u00e0 destination des enfants, de leurs parents et de leurs \u00e9ducateurs. Il int\u00e8gre \u00e9galement une plateforme d&rsquo;auto-formation en ligne&nbsp; d\u00e9clin\u00e9e en deux versions, l&rsquo;une pour l&rsquo;\u00e9ducation non-formelle, l&rsquo;autre pour les personnels de l&rsquo;\u00e9ducation nationale.<\/p>\n<ul>\n<li>\n<h3><a href=\"http:\/\/www.vinzetlou.net\/vinz-et-lou-stoppent-la-violence\/dessins-animes-du-mois\" target=\"_blank\" rel=\"noopener noreferrer\"><strong>Vinz et Lou sur Internet : Vinzetlou.net<\/strong><\/a><\/h3>\n<\/li>\n<\/ul>\n<p>Le programme <em>Vinz et Lou sur Internet<\/em>, r\u00e9alis\u00e9 par Tralalere avec l\u2019aide du minist\u00e8re de l\u2019Education nationale et le soutien de la Commission europ\u00e9enne, propose une s\u00e9rie de 17 dessins anim\u00e9s, avec quiz d&rsquo;auto-positionnement, activit\u00e9s interactives, petits serious games, ainsi que de la documentation pour les enseignants et les \u00e9l\u00e8ves.&nbsp; S\u2019adressant directement aux jeunes de 7 \u00e0 12 ans, qui peuvent les visualiser sur le site, les animations sont propos\u00e9es comme point de d\u00e9part d\u2019ateliers r\u00e9alis\u00e9s par des animateurs et \u00e9ducateurs, et dans les classes dans le cadre du B2I.<br \/>\nDepuis avril 2014, tous les dessins anim\u00e9s sont adapt\u00e9s en version accessible (sous-titr\u00e9e, LSF, LPC, audio description) faisant de Vinz et Lou la 1\u00e8re s\u00e9rie anim\u00e9e d&rsquo;\u00e9ducation au num\u00e9rique accessible aux enfants handicap\u00e9s. Ils sont \u00e9galement disponibles en anglais et en espagnol.<\/p>\n<ul>\n<li>\n<h3><strong><a href=\"http:\/\/2025exmachina.net\" target=\"_blank\" rel=\"noopener noreferrer\">2025exmachina.net&nbsp;<\/a> <\/strong><\/h3>\n<\/li>\n<\/ul>\n<p>Le programme <em>2025 <\/em>ex machina, r\u00e9alis\u00e9 par Tralalere dans le cadre de ce projet, est un programme de Serious Game destin\u00e9 aux adolescents de 12 \u00e0 17 ans. Il propose \u00e0 ces jeunes internautes une s\u00e9rie de 4 jeux permettant d&rsquo;aborder dans un univers fa\u00e7on thriller leurs principaux usages : r\u00e9seaux sociaux \/ jeux vid\u00e9o \/ chat-blog-forum \/ internet mobile. Le programme, beaucoup utilis\u00e9 dans le cadre de l&rsquo;\u00e9ducation formelle et non formelle, est accompagn\u00e9 de ressources p\u00e9dagogiques permettant son exploitation dans le cadre de sessions de sensibilisation collectives. Une premi\u00e8re application mobile est disponible depuis f\u00e9vrier 2011.<\/p>\n<ul>\n<li>\n<h3><a href=\"http:\/\/www.isoloir.net\" target=\"_blank\" rel=\"noopener noreferrer\"><strong>L&rsquo;Isoloir<\/strong> \/ <strong>Citoyennet\u00e9 &amp; Num\u00e9rique<\/strong> (isoloir.net)<\/a><\/h3>\n<p>Un dispositif num\u00e9rique participatif innovant qui a pour double objectif&nbsp;:<br \/>\n&#8211; De favoriser la prise &nbsp;de conscience et l\u2019action citoyenne en proposant aux jeunes de 14 \u00e0 18 ans, dans un environnement ludique, de faire l\u2019exp\u00e9rience de l\u2019action citoyenne sous des diff\u00e9rente formes et de se positionner sur les grands enjeux de soci\u00e9t\u00e9\u2026 pour changer le monde ensemble.<br \/>\n&#8211; De porter sur la place publique les opinions des jeunes sur les grands d\u00e9bats autour du num\u00e9rique.<\/li>\n<li>\n<h3><strong>Serious Game Stop La Violence<\/strong><\/h3>\n<p>Le jeu en ligne propose au(x) joueur(s) de se mettre dans la peau d&rsquo;un \u00e9l\u00e8ve qui d\u00e9couvre petit \u00e0 petit les diff\u00e9rentes manifestations du harc\u00e8lement dans un coll\u00e8ge. \u00c0 travers ce jeu, l&rsquo;\u00e9l\u00e8ve est acteur de son propre apprentissage puisque c&rsquo;est lui qui doit enqu\u00eater, juger de la pertinence des indices r\u00e9colt\u00e9s, puis donner sa version des faits. Apr\u00e8s une phase d\u2019enqu\u00eate \u00ab fictive \u00bb, le joueur a acc\u00e8s \u00e0 plusieurs ressources. Il peut visionner le t\u00e9moignage vid\u00e9o de la victime, r\u00e9pondre \u00e0 un quiz ou consulter les messages cl\u00e9s. Le quiz propose plusieurs alternatives \u00e0 l&rsquo;apprenant pour intervenir dans son \u00e9tablissement s&rsquo;il est t\u00e9moin de harc\u00e8lement. L\u2019\u00e9pisode 1 du jeu concerne plus sp\u00e9cifiquement le cyber-harc\u00e8lement.<br \/>\n<em>Une production <\/em><em>Tralalere<\/em><em>&nbsp;&nbsp;cofinanc\u00e9e par l&rsquo;Union Europ\u00e9enne&nbsp;<\/em><em> et MAE solidarit\u00e9<\/em> &#8211; <em>Avec la participation de Casden, de l\u2019Observatoire National de la Violence \u00e0 l\u2019Eocle, l\u2019Unicef et <\/em><em>de&nbsp;la d\u00e9l\u00e9gation minist\u00e9rielle charg\u00e9e de la pr\u00e9vention et de la lutte contre les violences en milieu scolaire<\/em><\/li>\n<li>\n<h3><strong>Serie Vinz et Lou Stoppent la Violence<\/strong><\/h3>\n<p>La violence \u00e0 l\u2019\u00e9cole n\u2019est pas un ph\u00e9nom\u00e8ne nouveau mais bien un ph\u00e9nom\u00e8ne multiforme qui \u00e9volue. Dans leur vie quotidienne, les enfants sont amen\u00e9s \u00e0 conna\u00eetre des situations auxquelles ils ne sont pas forc\u00e9ment pr\u00e9par\u00e9s. \u00c0 l\u2019\u00e9cole, dans la rue, en centre de loisirs\u2026 ils peuvent \u00eatre t\u00e9moins ou devenir acteurs de cette violence. Comment faire face \u00e0 cette violence ? Comment g\u00e9rer sa propre violence ? Comment aborder ces sujets sans stigmatiser ? Comment pr\u00e9venir en donnant \u00e0 r\u00e9fl\u00e9chir, sans tomber dans un discours alarmiste ? L\u2019objectif de la s\u00e9rie est de donner aux jeunes et aux m\u00e9diateurs des outils pour <strong>appr\u00e9hender et apprendre \u00e0 \u00e9viter et g\u00e9rer la violence.<\/strong><\/li>\n<li>\n<h4><strong>Outils de sensibilisation<\/strong><\/h4>\n<\/li>\n<\/ul>\n<p>Internet Sans Crainte met \u00e0 disposition des associations, institutions, collectivit\u00e9s et de la communaut\u00e9 \u00e9ducative souhaitant mener des actions de sensibilisation aupr\u00e8s des jeunes et des familles de nombreux outils de communication : spots vid\u00e9os, cartes postales, posters, cd-roms, guides enfants \/ \u00e9ducateurs \/ parents, brochures, bandes dessin\u00e9es\u2026 Le programme \u00e9dite des documentations avec ses partenaires et imagine des jeux de sensibilisation en ligne.<\/p>\n<ul>\n<li>\n<h4><strong>Formations, conf\u00e9rences, table-rondes<\/strong><\/h4>\n<\/li>\n<\/ul>\n<p>Internet Sans Crainte est amen\u00e9 \u00e0 intervenir r\u00e9guli\u00e8rement, en France ou \u00e0 l&rsquo;\u00e9tranger pour des formations professionnelles, dans des conf\u00e9rences, salons, lors de tables rondes, pour des formations, dans les \u00e9tablissements scolaires, des espaces \u00e9ducatifs, etc.<\/p>\n<h4><strong>Ligne d\u2019assistance t\u00e9l\u00e9phonique <a href=\"http:\/\/www.netecoute.fr\/\">NetEcoute<\/a><\/strong><\/h4>\n<p><strong>0800 200 000 (num\u00e9ro vert)<\/strong><\/p>\n<p>Un service d&rsquo;assistance t\u00e9l\u00e9phonique \u00e0 destination des enfants et des parents&nbsp; Op\u00e9r\u00e9e par l&rsquo;association e-Enfance et soutenu par la Commission europ\u00e9enne, cette ligne t\u00e9l\u00e9phonique a \u00e9t\u00e9 mise en place par des sp\u00e9cialistes de l&rsquo;enfance et d&rsquo;Internet et des psychologues. Son r\u00f4le : r\u00e9pondre par t\u00e9l\u00e9phone aux questions que se posent les jeunes et les adultes en mati\u00e8re de s\u00e9curit\u00e9 fixe et mobile, en mettant l&rsquo;accent sur la pr\u00e9vention et les conseils pratiques.<\/p>\n<h4><strong>Service de signalement&nbsp;: <a href=\"http:\/\/www.pointdecontact.net\/\">www.PointDeContact.net<\/a>&nbsp; <\/strong><\/h4>\n<p>Permet de signaler par le biais d&rsquo;un formulaire simple et anonyme tout contenu choquant rencontr\u00e9 sur internet. Point de Contact a \u00e9t\u00e9 cr\u00e9\u00e9 \u00e0 l&rsquo;initiative de l&rsquo;Association des Fournisseurs d&rsquo;Acc\u00e8s et de Services Internet (AFA) dans le but de lutter contre les \u00ab\u00a0contenus odieux\u00a0\u00bb (pornographie enfantine, incitation \u00e0 la haine raciale, contenus choquants accessibles aux mineurs&#8230;<br \/>\nMembre fondateur de la f\u00e9d\u00e9ration interentaionale INHOPE (regroupement de toutes les hotlines existantes au niveau mondial), Point de Contact est \u00e9galement financ\u00e9 par la Commission europ\u00e9enne dans le cadre du programme Safer Internet Plus.<\/p>\n<h4><a href=\"https:\/\/www.betterinternetforkids.eu\/web\/portal\/home\" target=\"_blank\" rel=\"noopener noreferrer\">Better internet for kids<\/a><\/h4>\n","protected":false},"excerpt":{"rendered":"<p>Retour d&rsquo;exp\u00e9rience sur l&rsquo;organisation des enseignants pour la continuit\u00e9 p\u00e9dagogique avec le num\u00e9rique \u00ab\u00a0Le choix des outils mais un acc\u00e8s centralis\u00e9 homog\u00e8ne ! Cr\u00e9ativit\u00e9 et confiance, acconpagnement et m\u00e9dias usuels <a class=\"more-link\" href=\"https:\/\/www.fcpe78.fr\/cl\/sartrouville\/dossiers-thematiques\/numerique-covid-et-continuite-pedagogique\/accompagnement-numerique-et-vigilance\/\">Lire plus &#8230;<\/a><\/p>\n","protected":false},"author":46,"featured_media":2246,"parent":1988,"menu_order":0,"comment_status":"closed","ping_status":"closed","template":"","meta":{"_seopress_robots_primary_cat":"","jetpack_post_was_ever_published":false},"categories":[32,7,75,4],"tags":[44,63],"jetpack_sharing_enabled":true,"jetpack_shortlink":"https:\/\/wp.me\/PaYu4P-k1","_links":{"self":[{"href":"https:\/\/www.fcpe78.fr\/cl\/sartrouville\/wp-json\/wp\/v2\/pages\/1241"}],"collection":[{"href":"https:\/\/www.fcpe78.fr\/cl\/sartrouville\/wp-json\/wp\/v2\/pages"}],"about":[{"href":"https:\/\/www.fcpe78.fr\/cl\/sartrouville\/wp-json\/wp\/v2\/types\/page"}],"author":[{"embeddable":true,"href":"https:\/\/www.fcpe78.fr\/cl\/sartrouville\/wp-json\/wp\/v2\/users\/46"}],"replies":[{"embeddable":true,"href":"https:\/\/www.fcpe78.fr\/cl\/sartrouville\/wp-json\/wp\/v2\/comments?post=1241"}],"version-history":[{"count":11,"href":"https:\/\/www.fcpe78.fr\/cl\/sartrouville\/wp-json\/wp\/v2\/pages\/1241\/revisions"}],"predecessor-version":[{"id":2310,"href":"https:\/\/www.fcpe78.fr\/cl\/sartrouville\/wp-json\/wp\/v2\/pages\/1241\/revisions\/2310"}],"up":[{"embeddable":true,"href":"https:\/\/www.fcpe78.fr\/cl\/sartrouville\/wp-json\/wp\/v2\/pages\/1988"}],"wp:featuredmedia":[{"embeddable":true,"href":"https:\/\/www.fcpe78.fr\/cl\/sartrouville\/wp-json\/wp\/v2\/media\/2246"}],"wp:attachment":[{"href":"https:\/\/www.fcpe78.fr\/cl\/sartrouville\/wp-json\/wp\/v2\/media?parent=1241"}],"wp:term":[{"taxonomy":"category","embeddable":true,"href":"https:\/\/www.fcpe78.fr\/cl\/sartrouville\/wp-json\/wp\/v2\/categories?post=1241"},{"taxonomy":"post_tag","embeddable":true,"href":"https:\/\/www.fcpe78.fr\/cl\/sartrouville\/wp-json\/wp\/v2\/tags?post=1241"}],"curies":[{"name":"wp","href":"https:\/\/api.w.org\/{rel}","templated":true}]}}