{"id":88,"date":"2018-09-09T09:57:38","date_gmt":"2018-09-09T07:57:38","guid":{"rendered":"http:\/\/www.fcpe78.fr\/cl\/montigny\/?page_id=88"},"modified":"2018-10-05T16:57:51","modified_gmt":"2018-10-05T14:57:51","slug":"comment-participer","status":"publish","type":"page","link":"https:\/\/www.fcpe78.fr\/cl\/montigny\/comment-participer\/","title":{"rendered":"Comment participer ?"},"content":{"rendered":"<ul>\n<li>En votant aux \u00e9lections de parents d&rsquo;\u00e9l\u00e8ves vous donnez davantage de poids aux parents \u00e9lus.&nbsp;<\/li>\n<li>En participant ponctuellement aux actions organis\u00e9es par les f\u00e9d\u00e9rations de parents.<\/li>\n<li>En adh\u00e9rant, vous soutenez tous ceux qui s&rsquo;engagent et d\u00e9fendent les valeurs de la FCPE.<\/li>\n<li>En rejoignant l&rsquo;\u00e9quipe locale<\/li>\n<\/ul>\n<hr>\n<p>Parce que c\u2019est ensemble que nous pourrons changer l\u2019\u00e9cole ! Adh\u00e9rer \u00e0 la FCPE, c\u2019est avant tout se regrouper pour faire respecter le droit des \u00e9l\u00e8ves : temps de travail adapt\u00e9, conditions d\u2019apprentissage de qualit\u00e9, orientation choisie\u2026<\/p>\n<p>Ainsi, gr\u00e2ce \u00e0 ces combats du quotidien, les parents participent collectivement \u00e0 la d\u00e9fense de l\u2019\u00e9cole publique, la\u00efque et gratuite pour tous.<\/p>\n","protected":false},"excerpt":{"rendered":"<p>En votant aux \u00e9lections de parents d&rsquo;\u00e9l\u00e8ves vous donnez davantage de poids aux parents \u00e9lus.&nbsp; En participant ponctuellement aux actions organis\u00e9es par les f\u00e9d\u00e9rations de parents. En adh\u00e9rant, vous soutenez tous ceux qui s&rsquo;engagent et d\u00e9fendent les valeurs de la FCPE. En rejoignant l&rsquo;\u00e9quipe locale Parce que c\u2019est ensemble que &#8230;<\/p>\n","protected":false},"author":43,"featured_media":0,"parent":0,"menu_order":0,"comment_status":"closed","ping_status":"closed","template":"","meta":[],"_links":{"self":[{"href":"https:\/\/www.fcpe78.fr\/cl\/montigny\/wp-json\/wp\/v2\/pages\/88"}],"collection":[{"href":"https:\/\/www.fcpe78.fr\/cl\/montigny\/wp-json\/wp\/v2\/pages"}],"about":[{"href":"https:\/\/www.fcpe78.fr\/cl\/montigny\/wp-json\/wp\/v2\/types\/page"}],"author":[{"embeddable":true,"href":"https:\/\/www.fcpe78.fr\/cl\/montigny\/wp-json\/wp\/v2\/users\/43"}],"replies":[{"embeddable":true,"href":"https:\/\/www.fcpe78.fr\/cl\/montigny\/wp-json\/wp\/v2\/comments?post=88"}],"version-history":[{"count":2,"href":"https:\/\/www.fcpe78.fr\/cl\/montigny\/wp-json\/wp\/v2\/pages\/88\/revisions"}],"predecessor-version":[{"id":348,"href":"https:\/\/www.fcpe78.fr\/cl\/montigny\/wp-json\/wp\/v2\/pages\/88\/revisions\/348"}],"wp:attachment":[{"href":"https:\/\/www.fcpe78.fr\/cl\/montigny\/wp-json\/wp\/v2\/media?parent=88"}],"curies":[{"name":"wp","href":"https:\/\/api.w.org\/{rel}","templated":true}]}}