{"id":183,"date":"2018-10-05T11:38:07","date_gmt":"2018-10-05T09:38:07","guid":{"rendered":"http:\/\/www.fcpe78.fr\/cl\/montigny\/?page_id=183"},"modified":"2018-10-05T17:59:51","modified_gmt":"2018-10-05T15:59:51","slug":"lycee-emilie-de-breteuil","status":"publish","type":"page","link":"https:\/\/www.fcpe78.fr\/cl\/montigny\/lycee-emilie-de-breteuil\/","title":{"rendered":"Lyc\u00e9e Emilie de Breteuil"},"content":{"rendered":"<p>Lyc\u00e9e Emilie de Breteuil<br \/>\n3 rue du Canal<br \/>\n78180<br \/>\nT\u00e9l:01 30 57 11 33<\/p>\n<p>FCPE&nbsp; 0783E0030 MONTIGNY LYC\u00c9E E DE BRETEUIL<\/p>\n","protected":false},"excerpt":{"rendered":"<p>Lyc\u00e9e Emilie de Breteuil 3 rue du Canal 78180 T\u00e9l:01 30 57 11 33 FCPE&nbsp; 0783E0030 MONTIGNY LYC\u00c9E E DE BRETEUIL<\/p>\n","protected":false},"author":43,"featured_media":0,"parent":0,"menu_order":0,"comment_status":"closed","ping_status":"closed","template":"","meta":[],"_links":{"self":[{"href":"https:\/\/www.fcpe78.fr\/cl\/montigny\/wp-json\/wp\/v2\/pages\/183"}],"collection":[{"href":"https:\/\/www.fcpe78.fr\/cl\/montigny\/wp-json\/wp\/v2\/pages"}],"about":[{"href":"https:\/\/www.fcpe78.fr\/cl\/montigny\/wp-json\/wp\/v2\/types\/page"}],"author":[{"embeddable":true,"href":"https:\/\/www.fcpe78.fr\/cl\/montigny\/wp-json\/wp\/v2\/users\/43"}],"replies":[{"embeddable":true,"href":"https:\/\/www.fcpe78.fr\/cl\/montigny\/wp-json\/wp\/v2\/comments?post=183"}],"version-history":[{"count":2,"href":"https:\/\/www.fcpe78.fr\/cl\/montigny\/wp-json\/wp\/v2\/pages\/183\/revisions"}],"predecessor-version":[{"id":185,"href":"https:\/\/www.fcpe78.fr\/cl\/montigny\/wp-json\/wp\/v2\/pages\/183\/revisions\/185"}],"wp:attachment":[{"href":"https:\/\/www.fcpe78.fr\/cl\/montigny\/wp-json\/wp\/v2\/media?parent=183"}],"curies":[{"name":"wp","href":"https:\/\/api.w.org\/{rel}","templated":true}]}}