{"id":181,"date":"2018-10-05T11:37:13","date_gmt":"2018-10-05T09:37:13","guid":{"rendered":"http:\/\/www.fcpe78.fr\/cl\/montigny\/?page_id=181"},"modified":"2018-10-05T17:59:51","modified_gmt":"2018-10-05T15:59:51","slug":"lycee-descartes","status":"publish","type":"page","link":"https:\/\/www.fcpe78.fr\/cl\/montigny\/lycee-descartes\/","title":{"rendered":"Lyc\u00e9e Descartes"},"content":{"rendered":"<p>Lyc\u00e9e Descartes<br \/>\n6 boulevard Descartes<br \/>\n78180<\/p>\n<p>T\u00e9l: 01 30 43 03 33<\/p>\n<p>FCPE 0783E0029 MONTIGNY LE BX LYC\u00c9E DESCARTES<\/p>\n","protected":false},"excerpt":{"rendered":"<p>Lyc\u00e9e Descartes 6 boulevard Descartes 78180 T\u00e9l: 01 30 43 03 33 FCPE 0783E0029 MONTIGNY LE BX LYC\u00c9E DESCARTES<\/p>\n","protected":false},"author":43,"featured_media":0,"parent":0,"menu_order":0,"comment_status":"closed","ping_status":"closed","template":"","meta":[],"_links":{"self":[{"href":"https:\/\/www.fcpe78.fr\/cl\/montigny\/wp-json\/wp\/v2\/pages\/181"}],"collection":[{"href":"https:\/\/www.fcpe78.fr\/cl\/montigny\/wp-json\/wp\/v2\/pages"}],"about":[{"href":"https:\/\/www.fcpe78.fr\/cl\/montigny\/wp-json\/wp\/v2\/types\/page"}],"author":[{"embeddable":true,"href":"https:\/\/www.fcpe78.fr\/cl\/montigny\/wp-json\/wp\/v2\/users\/43"}],"replies":[{"embeddable":true,"href":"https:\/\/www.fcpe78.fr\/cl\/montigny\/wp-json\/wp\/v2\/comments?post=181"}],"version-history":[{"count":1,"href":"https:\/\/www.fcpe78.fr\/cl\/montigny\/wp-json\/wp\/v2\/pages\/181\/revisions"}],"predecessor-version":[{"id":182,"href":"https:\/\/www.fcpe78.fr\/cl\/montigny\/wp-json\/wp\/v2\/pages\/181\/revisions\/182"}],"wp:attachment":[{"href":"https:\/\/www.fcpe78.fr\/cl\/montigny\/wp-json\/wp\/v2\/media?parent=181"}],"curies":[{"name":"wp","href":"https:\/\/api.w.org\/{rel}","templated":true}]}}