{"id":78,"date":"2016-09-10T20:02:05","date_gmt":"2016-09-10T18:02:05","guid":{"rendered":"http:\/\/localhost\/wordpress\/?page_id=78"},"modified":"2022-10-10T21:41:37","modified_gmt":"2022-10-10T19:41:37","slug":"ecole-maternelle-le-long-chemin","status":"publish","type":"page","link":"https:\/\/www.fcpe78.fr\/cl\/conflans\/les-ecoles-maternelles\/ecole-maternelle-le-long-chemin\/","title":{"rendered":"Ecole maternelle Long Chemin"},"content":{"rendered":"<div class=\"block-directory-global-address\">\n<div class=\"block-directory-global-address\">\n<div class=\"block-directory-global-address\">\n<p><strong>27, rue des Ecouvilliers<\/strong><br \/>\n<strong> 78700 Conflans-Sainte-Honorine<\/strong><\/p>\n<\/div>\n<p class=\"block-directory-global-phone\"><strong><label>T\u00e9l:\u00a0<\/label>01 34 90 84 60<\/strong><\/p>\n<\/div>\n<\/div>\n<p><strong>Directeur :<\/strong> Mme Agn\u00e8s Koclejda<\/p>\n<p><strong>Centre de loisirs :<\/strong>\u00a001 34 90 84 65<\/p>\n<div>A la rentr\u00e9e 2022, l&#8217;\u00e9cole du Long Chemin compte 134 \u00e9l\u00e8ves r\u00e9partis en 6 classes : 2 petites sections, 2 moyennes sections, 2 grandes sections.<\/div>\n<div><\/div>\n<ul>\n<li class=\"block-directory-global-phone\"><strong>Les parents d&#8217;\u00e9l\u00e8ves \u00e9lus FCPE<\/strong><\/li>\n<\/ul>\n<div>\n<div class=\"gmail_default\">Titulaires : Margaux LEONARDUZZI, H\u00e9l\u00e8ne LITWAK, Marion OTTAVI<\/div>\n<div>Suppl\u00e9ants : Katarzyna BIEDRZYCKA, Christian-Georges LAMARQUE-LALANNE<\/div>\n<div><\/div>\n<div class=\"gmail_default\">3 si\u00e8ges FCPE, 2 si\u00e8ges PEEP, 1 si\u00e8ge ALPEC<\/div>\n<div>\n<ul>\n<li class=\"block-directory-global-phone\"><strong>Contactez-nous :<\/strong><\/li>\n<\/ul>\n<p><a href=\"mailto:conflans-sainte-honorine@fcpe78.fr\">conflans-sainte-honorine@fcpe78.fr<\/a><\/p>\n<\/div>\n<\/div>\n<ul>\n<li class=\"block-directory-global-phone\">Voir les comptes-rendus des conseils d&#8217;\u00e9cole<\/li>\n<\/ul>\n","protected":false},"excerpt":{"rendered":"<p>27, rue des Ecouvilliers 78700 Conflans-Sainte-Honorine T\u00e9l:\u00a001 34 90 84 60 Directeur : Mme Agn\u00e8s Koclejda Centre de loisirs :\u00a001 34 90 84 65 A la rentr\u00e9e 2022, l&#8217;\u00e9cole du Long Chemin compte 134 \u00e9l\u00e8ves r\u00e9partis en 6 classes : 2 petites sections, 2 moyennes sections, 2 grandes sections. Les &#8230;<\/p>\n","protected":false},"author":34,"featured_media":0,"parent":32,"menu_order":0,"comment_status":"closed","ping_status":"closed","template":"","meta":{"jetpack_post_was_ever_published":false},"jetpack_shortlink":"https:\/\/wp.me\/P91mhl-1g","_links":{"self":[{"href":"https:\/\/www.fcpe78.fr\/cl\/conflans\/wp-json\/wp\/v2\/pages\/78"}],"collection":[{"href":"https:\/\/www.fcpe78.fr\/cl\/conflans\/wp-json\/wp\/v2\/pages"}],"about":[{"href":"https:\/\/www.fcpe78.fr\/cl\/conflans\/wp-json\/wp\/v2\/types\/page"}],"author":[{"embeddable":true,"href":"https:\/\/www.fcpe78.fr\/cl\/conflans\/wp-json\/wp\/v2\/users\/34"}],"replies":[{"embeddable":true,"href":"https:\/\/www.fcpe78.fr\/cl\/conflans\/wp-json\/wp\/v2\/comments?post=78"}],"version-history":[{"count":17,"href":"https:\/\/www.fcpe78.fr\/cl\/conflans\/wp-json\/wp\/v2\/pages\/78\/revisions"}],"predecessor-version":[{"id":2341,"href":"https:\/\/www.fcpe78.fr\/cl\/conflans\/wp-json\/wp\/v2\/pages\/78\/revisions\/2341"}],"up":[{"embeddable":true,"href":"https:\/\/www.fcpe78.fr\/cl\/conflans\/wp-json\/wp\/v2\/pages\/32"}],"wp:attachment":[{"href":"https:\/\/www.fcpe78.fr\/cl\/conflans\/wp-json\/wp\/v2\/media?parent=78"}],"curies":[{"name":"wp","href":"https:\/\/api.w.org\/{rel}","templated":true}]}}