{"id":667,"date":"2017-09-19T22:35:46","date_gmt":"2017-09-19T20:35:46","guid":{"rendered":"http:\/\/www.fcpe78.fr\/cl\/conflans\/?page_id=667"},"modified":"2017-09-19T22:48:59","modified_gmt":"2017-09-19T20:48:59","slug":"notre-partenariat-avec-la-ligue-des-droits-de-lhomme","status":"publish","type":"page","link":"https:\/\/www.fcpe78.fr\/cl\/conflans\/nos-actions\/notre-partenariat-avec-la-ligue-des-droits-de-lhomme\/","title":{"rendered":"Notre partenariat avec la ligue des droits de l&#8217;homme et CIRFE"},"content":{"rendered":"<figure id=\"attachment_653\" aria-describedby=\"caption-attachment-653\" style=\"width: 211px\" class=\"wp-caption alignleft\"><img decoding=\"async\" loading=\"lazy\" class=\"wp-image-653 size-medium\" src=\"https:\/\/www.fcpe78.fr\/cl\/conflans\/files\/2017\/09\/fete-des-droits-de-lhomme-flyer-211x300.png\" alt=\"\" width=\"211\" height=\"300\" srcset=\"https:\/\/www.fcpe78.fr\/cl\/conflans\/files\/2017\/09\/fete-des-droits-de-lhomme-flyer-211x300.png 211w, https:\/\/www.fcpe78.fr\/cl\/conflans\/files\/2017\/09\/fete-des-droits-de-lhomme-flyer-768x1093.png 768w, https:\/\/www.fcpe78.fr\/cl\/conflans\/files\/2017\/09\/fete-des-droits-de-lhomme-flyer-720x1024.png 720w, https:\/\/www.fcpe78.fr\/cl\/conflans\/files\/2017\/09\/fete-des-droits-de-lhomme-flyer-700x996.png 700w, https:\/\/www.fcpe78.fr\/cl\/conflans\/files\/2017\/09\/fete-des-droits-de-lhomme-flyer-332x472.png 332w, https:\/\/www.fcpe78.fr\/cl\/conflans\/files\/2017\/09\/fete-des-droits-de-lhomme-flyer.png 783w\" sizes=\"(max-width: 211px) 100vw, 211px\" \/><figcaption id=\"caption-attachment-653\" class=\"wp-caption-text\">Projet qui a \u00e9t\u00e9 expos\u00e9 dans la salle des f\u00eates<\/figcaption><\/figure>\n<p>La FCPE de Conflans a \u00e9t\u00e9 partenaire avec la ligue des droits de l&#8217;homme (LDH) lors de sa &#8220;f\u00eate des Droits de l\u2019Homme \u00bb organis\u00e9e tous les ans \u00e0 Conflans-Sainte-Honorine.<\/p>\n<p>Deux enseignants de l\u2019\u00e9cole du Clos d\u2019en Haut avec leur classe ont \u00e0 cette occasion men\u00e9 un projet artistique sur les \u00e9coles et l\u2019\u00e9ducation dans le monde.<\/p>\n<p><strong>Collectif d\u2019information et de r\u00e9flexion sur le fichage \u00e0 l\u2019\u00e9cole (CIRFE)<\/strong><\/p>\n<p>La FCPE Conflans a cr\u00e9\u00e9 en partenariat avec la LDH un collectif pour r\u00e9fl\u00e9chir aux dangers du fichage des \u00e9l\u00e8ves dans les \u00e9coles.<\/p>\n<p>&nbsp;<\/p>\n<p>&nbsp;<\/p>\n","protected":false},"excerpt":{"rendered":"<p>La FCPE de Conflans a \u00e9t\u00e9 partenaire avec la ligue des droits de l&#8217;homme (LDH) lors de sa &#8220;f\u00eate des Droits de l\u2019Homme \u00bb organis\u00e9e tous les ans \u00e0 Conflans-Sainte-Honorine. Deux enseignants de l\u2019\u00e9cole du Clos d\u2019en Haut avec leur classe ont \u00e0 cette occasion men\u00e9 un projet artistique sur &#8230;<\/p>\n","protected":false},"author":34,"featured_media":0,"parent":45,"menu_order":0,"comment_status":"closed","ping_status":"closed","template":"","meta":{"jetpack_post_was_ever_published":false},"jetpack_shortlink":"https:\/\/wp.me\/P91mhl-aL","_links":{"self":[{"href":"https:\/\/www.fcpe78.fr\/cl\/conflans\/wp-json\/wp\/v2\/pages\/667"}],"collection":[{"href":"https:\/\/www.fcpe78.fr\/cl\/conflans\/wp-json\/wp\/v2\/pages"}],"about":[{"href":"https:\/\/www.fcpe78.fr\/cl\/conflans\/wp-json\/wp\/v2\/types\/page"}],"author":[{"embeddable":true,"href":"https:\/\/www.fcpe78.fr\/cl\/conflans\/wp-json\/wp\/v2\/users\/34"}],"replies":[{"embeddable":true,"href":"https:\/\/www.fcpe78.fr\/cl\/conflans\/wp-json\/wp\/v2\/comments?post=667"}],"version-history":[{"count":4,"href":"https:\/\/www.fcpe78.fr\/cl\/conflans\/wp-json\/wp\/v2\/pages\/667\/revisions"}],"predecessor-version":[{"id":675,"href":"https:\/\/www.fcpe78.fr\/cl\/conflans\/wp-json\/wp\/v2\/pages\/667\/revisions\/675"}],"up":[{"embeddable":true,"href":"https:\/\/www.fcpe78.fr\/cl\/conflans\/wp-json\/wp\/v2\/pages\/45"}],"wp:attachment":[{"href":"https:\/\/www.fcpe78.fr\/cl\/conflans\/wp-json\/wp\/v2\/media?parent=667"}],"curies":[{"name":"wp","href":"https:\/\/api.w.org\/{rel}","templated":true}]}}