{"id":64,"date":"2016-09-10T19:59:42","date_gmt":"2016-09-10T17:59:42","guid":{"rendered":"http:\/\/localhost\/wordpress\/?page_id=64"},"modified":"2022-10-09T22:10:05","modified_gmt":"2022-10-09T20:10:05","slug":"ecole-maternelle-les-basses-roches","status":"publish","type":"page","link":"https:\/\/www.fcpe78.fr\/cl\/conflans\/les-ecoles-maternelles\/ecole-maternelle-les-basses-roches\/","title":{"rendered":"Ecole maternelle Basses Roches"},"content":{"rendered":"<div class=\"block-directory-global-address\">\n<div class=\"block-directory-global-address\">\n<div class=\"block-directory-global-address\">\n<p><strong><img decoding=\"async\" loading=\"lazy\" class=\"alignleft size-medium wp-image-541\" src=\"https:\/\/www.fcpe78.fr\/cl\/conflans\/files\/2016\/09\/1279221234_small-300x225.jpg\" alt=\"\" width=\"300\" height=\"225\" srcset=\"https:\/\/www.fcpe78.fr\/cl\/conflans\/files\/2016\/09\/1279221234_small-300x225.jpg 300w, https:\/\/www.fcpe78.fr\/cl\/conflans\/files\/2016\/09\/1279221234_small-332x249.jpg 332w, https:\/\/www.fcpe78.fr\/cl\/conflans\/files\/2016\/09\/1279221234_small.jpg 400w\" sizes=\"(max-width: 300px) 100vw, 300px\" \/>Rue Jean-Broutin<\/strong><br \/>\n<strong> 78700 Conflans-Sainte-Honorine<\/strong><\/p>\n<\/div>\n<p class=\"block-directory-global-phone\"><strong><label>T\u00e9l:\u00a0<\/label>01 34 90 83 60<\/strong><\/p>\n<\/div>\n<\/div>\n<p><strong>Directrice :<\/strong> Mme Fonseca<\/p>\n<p><strong>Centre de loisirs :<\/strong>\u00a001 34 90 83 75<\/p>\n<p>L&#8217;\u00e9cole maternelle des Basses Roches compte 6 classes : 2 petites sections, 2 moyennes sections, 2 grandes sections.<\/p>\n<ul>\n<li class=\"block-directory-global-phone\"><strong>Les parents d&#8217;\u00e9l\u00e8ves \u00e9lus FCPE<\/strong><\/li>\n<\/ul>\n<p>Tracy MATUFUANA<\/p>\n<p>4 si\u00e8ges FCPE et 2 si\u00e8ges PEEP au conseil d&#8217;\u00e9cole<\/p>\n<ul>\n<li><strong>Contactez-nous :<\/strong> <a href=\"mailto:conflans-sainte-honorine@fcpe78.fr\">conflans-sainte-honorine@fcpe78.fr<\/a><\/li>\n<\/ul>\n<ul>\n<li><strong>Voir les comptes-rendus des conseils d&#8217;\u00e9cole<\/strong><\/li>\n<\/ul>\n","protected":false},"excerpt":{"rendered":"<p>Rue Jean-Broutin 78700 Conflans-Sainte-Honorine T\u00e9l:\u00a001 34 90 83 60 Directrice : Mme Fonseca Centre de loisirs :\u00a001 34 90 83 75 L&#8217;\u00e9cole maternelle des Basses Roches compte 6 classes : 2 petites sections, 2 moyennes sections, 2 grandes sections. Les parents d&#8217;\u00e9l\u00e8ves \u00e9lus FCPE Tracy MATUFUANA 4 si\u00e8ges FCPE et &#8230;<\/p>\n","protected":false},"author":34,"featured_media":0,"parent":32,"menu_order":0,"comment_status":"closed","ping_status":"closed","template":"","meta":{"jetpack_post_was_ever_published":false},"jetpack_shortlink":"https:\/\/wp.me\/P91mhl-12","_links":{"self":[{"href":"https:\/\/www.fcpe78.fr\/cl\/conflans\/wp-json\/wp\/v2\/pages\/64"}],"collection":[{"href":"https:\/\/www.fcpe78.fr\/cl\/conflans\/wp-json\/wp\/v2\/pages"}],"about":[{"href":"https:\/\/www.fcpe78.fr\/cl\/conflans\/wp-json\/wp\/v2\/types\/page"}],"author":[{"embeddable":true,"href":"https:\/\/www.fcpe78.fr\/cl\/conflans\/wp-json\/wp\/v2\/users\/34"}],"replies":[{"embeddable":true,"href":"https:\/\/www.fcpe78.fr\/cl\/conflans\/wp-json\/wp\/v2\/comments?post=64"}],"version-history":[{"count":13,"href":"https:\/\/www.fcpe78.fr\/cl\/conflans\/wp-json\/wp\/v2\/pages\/64\/revisions"}],"predecessor-version":[{"id":2242,"href":"https:\/\/www.fcpe78.fr\/cl\/conflans\/wp-json\/wp\/v2\/pages\/64\/revisions\/2242"}],"up":[{"embeddable":true,"href":"https:\/\/www.fcpe78.fr\/cl\/conflans\/wp-json\/wp\/v2\/pages\/32"}],"wp:attachment":[{"href":"https:\/\/www.fcpe78.fr\/cl\/conflans\/wp-json\/wp\/v2\/media?parent=64"}],"curies":[{"name":"wp","href":"https:\/\/api.w.org\/{rel}","templated":true}]}}