{"id":182,"date":"2016-10-15T23:04:05","date_gmt":"2016-10-15T21:04:05","guid":{"rendered":"http:\/\/localhost\/wordpress\/?page_id=182"},"modified":"2017-09-30T18:21:15","modified_gmt":"2017-09-30T16:21:15","slug":"babyloup","status":"publish","type":"page","link":"https:\/\/www.fcpe78.fr\/cl\/conflans\/nos-actions\/babyloup\/","title":{"rendered":"Collaboration avec la cr\u00e8che Babyloup"},"content":{"rendered":"<p>Une bourse aux livres a \u00e9t\u00e9 organis\u00e9e dans certaines \u00e9coles de la ville avec la cr\u00e8che Babyloup. Les livres ont \u00e9t\u00e9 distribu\u00e9s aux enfants dans le cadre de leur projet lecture\u2026<\/p>\n<p>Le site de Babyloup\u00a0: <a href=\"https:\/\/associationbabyloup.blogspot.fr\/\">https:\/\/associationbabyloup.blogspot.fr\/<\/a><\/p>\n<iframe src=\"\/\/docs.google.com\/viewer?url=https%3A%2F%2Fwww.fcpe78.fr%2Fcl%2Fconflans%2Ffiles%2F2017%2F09%2Fflyer-babyloup-1.doc&hl=fr&embedded=true\" class=\"gde-frame\" style=\"width:100%; height:500px; border: none;\" scrolling=\"no\"><\/iframe>\n<p class=\"gde-text\"><a href=\"https:\/\/www.fcpe78.fr\/cl\/conflans\/files\/2017\/09\/flyer-babyloup-1.doc\" class=\"gde-link\">T\u00e9l\u00e9charger (DOC, 864KB)<\/a><\/p>\n","protected":false},"excerpt":{"rendered":"<p>Une bourse aux livres a \u00e9t\u00e9 organis\u00e9e dans certaines \u00e9coles de la ville avec la cr\u00e8che Babyloup. Les livres ont \u00e9t\u00e9 distribu\u00e9s aux enfants dans le cadre de leur projet lecture\u2026 Le site de Babyloup\u00a0: https:\/\/associationbabyloup.blogspot.fr\/<\/p>\n","protected":false},"author":34,"featured_media":0,"parent":45,"menu_order":0,"comment_status":"closed","ping_status":"closed","template":"","meta":{"jetpack_post_was_ever_published":false},"jetpack_shortlink":"https:\/\/wp.me\/P91mhl-2W","_links":{"self":[{"href":"https:\/\/www.fcpe78.fr\/cl\/conflans\/wp-json\/wp\/v2\/pages\/182"}],"collection":[{"href":"https:\/\/www.fcpe78.fr\/cl\/conflans\/wp-json\/wp\/v2\/pages"}],"about":[{"href":"https:\/\/www.fcpe78.fr\/cl\/conflans\/wp-json\/wp\/v2\/types\/page"}],"author":[{"embeddable":true,"href":"https:\/\/www.fcpe78.fr\/cl\/conflans\/wp-json\/wp\/v2\/users\/34"}],"replies":[{"embeddable":true,"href":"https:\/\/www.fcpe78.fr\/cl\/conflans\/wp-json\/wp\/v2\/comments?post=182"}],"version-history":[{"count":1,"href":"https:\/\/www.fcpe78.fr\/cl\/conflans\/wp-json\/wp\/v2\/pages\/182\/revisions"}],"predecessor-version":[{"id":674,"href":"https:\/\/www.fcpe78.fr\/cl\/conflans\/wp-json\/wp\/v2\/pages\/182\/revisions\/674"}],"up":[{"embeddable":true,"href":"https:\/\/www.fcpe78.fr\/cl\/conflans\/wp-json\/wp\/v2\/pages\/45"}],"wp:attachment":[{"href":"https:\/\/www.fcpe78.fr\/cl\/conflans\/wp-json\/wp\/v2\/media?parent=182"}],"curies":[{"name":"wp","href":"https:\/\/api.w.org\/{rel}","templated":true}]}}