{"id":1654,"date":"2019-12-01T09:56:22","date_gmt":"2019-12-01T08:56:22","guid":{"rendered":"https:\/\/www.fcpe78.fr\/cl\/conflans\/?page_id=1654"},"modified":"2024-10-17T16:01:04","modified_gmt":"2024-10-17T14:01:04","slug":"college-les-hautes-rayes","status":"publish","type":"page","link":"https:\/\/www.fcpe78.fr\/cl\/conflans\/colleges\/college-les-hautes-rayes\/","title":{"rendered":"Coll\u00e8ge Les Hautes Rayes"},"content":{"rendered":"<div><strong><img decoding=\"async\" loading=\"lazy\" class=\"wp-image-1657 alignleft\" src=\"https:\/\/www.fcpe78.fr\/cl\/conflans\/files\/2019\/12\/hautes-rayes.jpg\" alt=\"\" width=\"304\" height=\"171\" srcset=\"https:\/\/www.fcpe78.fr\/cl\/conflans\/files\/2019\/12\/hautes-rayes.jpg 854w, https:\/\/www.fcpe78.fr\/cl\/conflans\/files\/2019\/12\/hautes-rayes-300x169.jpg 300w, https:\/\/www.fcpe78.fr\/cl\/conflans\/files\/2019\/12\/hautes-rayes-768x432.jpg 768w, https:\/\/www.fcpe78.fr\/cl\/conflans\/files\/2019\/12\/hautes-rayes-700x393.jpg 700w, https:\/\/www.fcpe78.fr\/cl\/conflans\/files\/2019\/12\/hautes-rayes-332x187.jpg 332w\" sizes=\"(max-width: 304px) 100vw, 304px\" \/>2 place B\u00e9r\u00e9govoy <\/strong><\/div>\n<div><strong>78700 Conflans-Ste-Honorine<\/strong><\/div>\n<div>\u00a0<\/div>\n<ul>\n<li><strong><strong>Tel : <\/strong><\/strong><strong>01 34 90 16 66<\/strong><\/li>\n<li>Site Internet <a href=\"http:\/\/www.clg-hautesrayes-conflans.ac-versailles.fr\/\">: Coll\u00e8ge Les Hautes Rayes (ac-versailles.fr)<\/a><\/li>\n<li>Principale: Madame Laplanche (actuellement remplac\u00e9e par Madame Garnier)<\/li>\n<li>CPE : Mesdames Steib et Pradier<\/li>\n<\/ul>\n<div>Le coll\u00e8ge compte environ <strong>560 \u00e9l\u00e8ves pour 20 classes<\/strong> : cinq 6\u00b0 ; cinq 5\u00b0 ; cinq 4\u00b0 et cinq 3\u00b0<\/div>\n<div>\n<div>\u00a0<\/div>\n<div><strong>Langues enseign\u00e9es :<\/strong> anglais, italien, espagnol<\/div>\n<div><strong>Options :<\/strong> latin, LCE anglais et chorale<\/div>\n<div>\u00a0<\/div>\n<div><strong>Section 2024 :<\/strong> volley<\/div>\n<div>\u00a0<\/div>\n<div>Coll\u00e8ge labellis\u00e9 d\u00e9veloppement durable<\/div>\n<\/div>\n<div>\u00a0<\/div>\n<ul>\n<li><strong>Les parents d&#8217;\u00e9l\u00e8ves \u00e9lus FCPE :<\/strong><\/li>\n<\/ul>\n<p><strong>Pour nous joindre :<\/strong>\u00a0<a href=\"mailto:fcpe.hautesrayes@gmail.com\" target=\"_blank\" rel=\"noopener noreferrer\">fcpe.hautesrayes@gmail.com<\/a> &#8211;<\/p>\n<div><strong>Parents \u00e9lus titulaires :<\/strong> Isabelle Fernandez-Diaz, S\u00e9verine Tiffanneau, Latitia Catiau, Quynh Meier<\/div>\n\n\n<p><strong>Conseils de classes<\/strong> :<\/p>\n\n\n\n<ul>\n<li>trimestre 1 : <\/li>\n\n\n\n<li>trimestre 2 : <\/li>\n\n\n\n<li>trimestre 3 :<\/li>\n<\/ul>\n\n\n\n<p><strong>Remise des dipl\u00f4mes brevet 2024<\/strong> :  15novembre 2024 sur invitation<\/p>\n\n\n\n<p>Brevet blanc : <\/p>\n\n\n\n<p>Devoir commun de 4e : <\/p>\n","protected":false},"excerpt":{"rendered":"<p>2 place B\u00e9r\u00e9govoy 78700 Conflans-Ste-Honorine \u00a0 Tel : 01 34 90 16 66 Site Internet : Coll\u00e8ge Les Hautes Rayes (ac-versailles.fr) Principale: Madame Laplanche (actuellement remplac\u00e9e par Madame Garnier) CPE : Mesdames Steib et Pradier Le coll\u00e8ge compte environ 560 \u00e9l\u00e8ves pour 20 classes : cinq 6\u00b0 ; cinq 5\u00b0 &#8230;<\/p>\n","protected":false},"author":34,"featured_media":0,"parent":1510,"menu_order":0,"comment_status":"closed","ping_status":"closed","template":"","meta":{"jetpack_post_was_ever_published":false},"jetpack_shortlink":"https:\/\/wp.me\/P91mhl-qG","_links":{"self":[{"href":"https:\/\/www.fcpe78.fr\/cl\/conflans\/wp-json\/wp\/v2\/pages\/1654"}],"collection":[{"href":"https:\/\/www.fcpe78.fr\/cl\/conflans\/wp-json\/wp\/v2\/pages"}],"about":[{"href":"https:\/\/www.fcpe78.fr\/cl\/conflans\/wp-json\/wp\/v2\/types\/page"}],"author":[{"embeddable":true,"href":"https:\/\/www.fcpe78.fr\/cl\/conflans\/wp-json\/wp\/v2\/users\/34"}],"replies":[{"embeddable":true,"href":"https:\/\/www.fcpe78.fr\/cl\/conflans\/wp-json\/wp\/v2\/comments?post=1654"}],"version-history":[{"count":15,"href":"https:\/\/www.fcpe78.fr\/cl\/conflans\/wp-json\/wp\/v2\/pages\/1654\/revisions"}],"predecessor-version":[{"id":2356,"href":"https:\/\/www.fcpe78.fr\/cl\/conflans\/wp-json\/wp\/v2\/pages\/1654\/revisions\/2356"}],"up":[{"embeddable":true,"href":"https:\/\/www.fcpe78.fr\/cl\/conflans\/wp-json\/wp\/v2\/pages\/1510"}],"wp:attachment":[{"href":"https:\/\/www.fcpe78.fr\/cl\/conflans\/wp-json\/wp\/v2\/media?parent=1654"}],"curies":[{"name":"wp","href":"https:\/\/api.w.org\/{rel}","templated":true}]}}