{"id":123,"date":"2016-10-15T17:34:02","date_gmt":"2016-10-15T15:34:02","guid":{"rendered":"http:\/\/localhost\/wordpress\/?page_id=123"},"modified":"2022-10-22T14:51:31","modified_gmt":"2022-10-22T12:51:31","slug":"ecole-elementaires-grandes-terres","status":"publish","type":"page","link":"https:\/\/www.fcpe78.fr\/cl\/conflans\/les-ecoles-primaires\/ecole-elementaires-grandes-terres\/","title":{"rendered":"Ecole \u00e9l\u00e9mentaire Grandes Terres"},"content":{"rendered":"<div class=\"block-directory-global-address\">\n<p><strong><img decoding=\"async\" loading=\"lazy\" class=\"alignleft size-medium wp-image-543\" src=\"https:\/\/www.fcpe78.fr\/cl\/conflans\/files\/2016\/10\/25429-161003191143699-01-630x0-300x200.jpg\" alt=\"\" width=\"300\" height=\"200\" srcset=\"https:\/\/www.fcpe78.fr\/cl\/conflans\/files\/2016\/10\/25429-161003191143699-01-630x0-300x200.jpg 300w, https:\/\/www.fcpe78.fr\/cl\/conflans\/files\/2016\/10\/25429-161003191143699-01-630x0-332x222.jpg 332w, https:\/\/www.fcpe78.fr\/cl\/conflans\/files\/2016\/10\/25429-161003191143699-01-630x0.jpg 630w\" sizes=\"(max-width: 300px) 100vw, 300px\" \/>1 place Jean-Monnet<\/strong><br \/><strong> 78700 Conflans-Sainte-Honorine<\/strong><\/p>\n<\/div>\n<p class=\"block-directory-global-phone\"><strong><label>T\u00e9l:\u00a0<\/label>01 34 90 84 50<\/strong><\/p>\n<p>Mail : 0780666a@ac-versailles;fr<\/p>\n<p><strong>Directeur :<\/strong> Mme Croisard (disponibles les lundis et mardis)<\/p>\n<p><strong>Site de l&#8217;\u00e9cole<\/strong> :\u00a0<a href=\"https:\/\/ecolegrandesterres.toutemonecole.fr\">https:\/\/ecolegrandesterres.toutemonecole.fr<\/a><\/p>\n<p>Psychologue de l&#8217;\u00e9cole : 01 34 90 90 21<\/p>\n<p><strong>Centre de loisirs :\u00a0<\/strong>01 34 90 84 55<\/p>\n<p>A la rentr\u00e9e 2022, l&#8217;\u00e9cole des Grandes Terres compte 260 \u00e9l\u00e8ves r\u00e9partis en 10 classes (2 CP de 23 et 24 \u00e9l\u00e8ves ; 2 CE1 de 27 et 28 \u00e9l\u00e8ves, 1 CE1\/CE2 de 13 +12 \u00e9l\u00e8ves, 1 CE2 de 28 \u00e9l\u00e8ves, 1 CE2\/CM1 de 18+7 \u00e9l\u00e8ves, 1 CM1 de 27 \u00e9l\u00e8ves, 1 CM1\/CM2 de 7+18 \u00e9l\u00e8ves et 1 CM2 de 29 \u00e9l\u00e8ves)<\/p>\n<p><strong>Les parents d&#8217;\u00e9l\u00e8ves \u00e9lus FCPE<\/strong><\/p>\n<ul>\n<li>Na\u00efma Aharra, t\u00eate de liste FCPE<\/li>\n<li><span style=\"color: initial\">Laure Daussin<\/span><\/li>\n<li>Leslie Gortan<\/li>\n<li>C\u00e9cile Morel<\/li>\n<li>Nicolas Bigot<\/li>\n<li>Contact : <a href=\"mailto:conflans-sainte-honorine@fcpe78.fr\">conflans-sainte-honorine@fcpe78.fr<\/a><\/li>\n<\/ul>\n<p><span style=\"font-size: revert;color: initial\">3 si\u00e8ges pour la FCPE et 7 si\u00e8ges pour l&#8217;ALPEC<\/span><\/p>\n<p>Voir les comptes-rendus des conseils d&#8217;\u00e9cole 2021-2022 :<\/p>\n\n\n<div class=\"wp-block-file\"><a href=\"https:\/\/www.fcpe78.fr\/cl\/conflans\/files\/2022\/08\/PV-3e-conseil-decole-EEGT-du-140622.pdf\">PV 3\u00e8 conseil d&#8217;\u00e9cole EEGT du 140622<\/a><a href=\"https:\/\/www.fcpe78.fr\/cl\/conflans\/files\/2022\/08\/PV-3e-conseil-decole-EEGT-du-140622.pdf\" class=\"wp-block-file__button\" download>T\u00e9l\u00e9charger<\/a><\/div>\n","protected":false},"excerpt":{"rendered":"<p>1 place Jean-Monnet 78700 Conflans-Sainte-Honorine T\u00e9l:\u00a001 34 90 84 50 Mail : 0780666a@ac-versailles;fr Directeur : Mme Croisard (disponibles les lundis et mardis) Site de l&#8217;\u00e9cole :\u00a0https:\/\/ecolegrandesterres.toutemonecole.fr Psychologue de l&#8217;\u00e9cole : 01 34 90 90 21 Centre de loisirs :\u00a001 34 90 84 55 A la rentr\u00e9e 2022, l&#8217;\u00e9cole des Grandes &#8230;<\/p>\n","protected":false},"author":34,"featured_media":0,"parent":35,"menu_order":0,"comment_status":"closed","ping_status":"closed","template":"","meta":{"jetpack_post_was_ever_published":false},"jetpack_shortlink":"https:\/\/wp.me\/P91mhl-1Z","_links":{"self":[{"href":"https:\/\/www.fcpe78.fr\/cl\/conflans\/wp-json\/wp\/v2\/pages\/123"}],"collection":[{"href":"https:\/\/www.fcpe78.fr\/cl\/conflans\/wp-json\/wp\/v2\/pages"}],"about":[{"href":"https:\/\/www.fcpe78.fr\/cl\/conflans\/wp-json\/wp\/v2\/types\/page"}],"author":[{"embeddable":true,"href":"https:\/\/www.fcpe78.fr\/cl\/conflans\/wp-json\/wp\/v2\/users\/34"}],"replies":[{"embeddable":true,"href":"https:\/\/www.fcpe78.fr\/cl\/conflans\/wp-json\/wp\/v2\/comments?post=123"}],"version-history":[{"count":25,"href":"https:\/\/www.fcpe78.fr\/cl\/conflans\/wp-json\/wp\/v2\/pages\/123\/revisions"}],"predecessor-version":[{"id":2276,"href":"https:\/\/www.fcpe78.fr\/cl\/conflans\/wp-json\/wp\/v2\/pages\/123\/revisions\/2276"}],"up":[{"embeddable":true,"href":"https:\/\/www.fcpe78.fr\/cl\/conflans\/wp-json\/wp\/v2\/pages\/35"}],"wp:attachment":[{"href":"https:\/\/www.fcpe78.fr\/cl\/conflans\/wp-json\/wp\/v2\/media?parent=123"}],"curies":[{"name":"wp","href":"https:\/\/api.w.org\/{rel}","templated":true}]}}