{"id":111,"date":"2016-10-15T17:32:17","date_gmt":"2016-10-15T15:32:17","guid":{"rendered":"http:\/\/localhost\/wordpress\/?page_id=111"},"modified":"2024-10-17T07:43:42","modified_gmt":"2024-10-17T05:43:42","slug":"ecole-elementaire-chennevieres","status":"publish","type":"page","link":"https:\/\/www.fcpe78.fr\/cl\/conflans\/les-ecoles-primaires\/ecole-elementaire-chennevieres\/","title":{"rendered":"Ecole \u00e9l\u00e9mentaire Chennevi\u00e8res"},"content":{"rendered":"<ul class=\"wp-block-latest-posts__list wp-block-latest-posts\"><li><a class=\"wp-block-latest-posts__post-title\" href=\"https:\/\/www.fcpe78.fr\/cl\/conflans\/2025\/01\/bonne-annee-2025\/\">Bonne ann\u00e9e 2025<\/a><\/li>\n<li><a class=\"wp-block-latest-posts__post-title\" href=\"https:\/\/www.fcpe78.fr\/cl\/conflans\/2024\/10\/lettre-ouverte-a\/\">Lettre ouverte \u00e0&#8230;<\/a><\/li>\n<li><a class=\"wp-block-latest-posts__post-title\" href=\"https:\/\/www.fcpe78.fr\/cl\/conflans\/2024\/10\/resultats-des-elections-du-11-octobre-2024\/\">R\u00e9sultats des \u00e9lections du 11 octobre 2024<\/a><\/li>\n<li><a class=\"wp-block-latest-posts__post-title\" href=\"https:\/\/www.fcpe78.fr\/cl\/conflans\/2022\/10\/resultats-des-elections-2022-2023\/\">R\u00e9sultats des \u00e9lections\u00a02022-2023<\/a><\/li>\n<li><a class=\"wp-block-latest-posts__post-title\" href=\"https:\/\/www.fcpe78.fr\/cl\/conflans\/2022\/10\/merci\/\">Merci<\/a><\/li>\n<\/ul>\n\n<div class=\"block-directory-global-address\">\n<p><strong> <img decoding=\"async\" loading=\"lazy\" class=\"alignleft size-medium wp-image-589\" src=\"https:\/\/www.fcpe78.fr\/cl\/conflans\/files\/2016\/10\/les_maternelles-chennevieres-300x225.jpg\" alt=\"\" width=\"300\" height=\"225\" srcset=\"https:\/\/www.fcpe78.fr\/cl\/conflans\/files\/2016\/10\/les_maternelles-chennevieres-300x225.jpg 300w, https:\/\/www.fcpe78.fr\/cl\/conflans\/files\/2016\/10\/les_maternelles-chennevieres-332x249.jpg 332w, https:\/\/www.fcpe78.fr\/cl\/conflans\/files\/2016\/10\/les_maternelles-chennevieres.jpg 354w\" sizes=\"(max-width: 300px) 100vw, 300px\" \/>170 avenue du Mar\u00e9chal Foch<\/strong><br \/><strong> 78700 Conflans-Sainte-Honorine<\/strong><\/p>\n<p><strong><label>T\u00e9l:\u00a0<\/label>01 34 90 84 30<\/strong><\/p>\n<p><strong>Directeur :\u00a0<\/strong>S. Godin<\/p>\n<\/div>\n<p class=\"block-directory-global-phone\"><strong>Site de l&#8217;\u00e9cole :<\/strong><a href=\"https:\/\/www.ec-chennevieres-conflans.ac-versailles.fr\/\">\u00a0https:\/\/www.ec-chennevieres-conflans.ac-versailles.fr\/\u00a0<\/a><\/p>\n<p><strong>Centre de loisirs :\u00a0<\/strong>01 34 90 84 35<\/p>\n<p>L&#8217;\u00e9cole Chennevi\u00e8res compte 18 classes\u00a0<\/p>\n<ul>\n<li class=\"block-directory-global-phone\"><strong>Les parents d&#8217;\u00e9l\u00e8ves \u00e9lus FCPE 2022-2023 : Riad OTHMAN <\/strong>&#8211; 12 si\u00e8ges pourvus par les f\u00e9d\u00e9rations de parents d&#8217;\u00e9l\u00e8ves lors des \u00e9lections, il reste 6 si\u00e8ges \u00e0 pourvoir\u00a0<\/li>\n<\/ul>\n<p>contact :\u00a0<a href=\"mailto:conflans-sainte-honorine@fcpe78.fr\">conflans-sainte-honorine@fcpe78.fr<\/a><span style=\"font-size: inherit\">\u00a0<\/span><\/p>\n<ul>\n<li>carte scolaire 2024\u00a0 : <a href=\"https:\/\/www.conflans-sainte-honorine.fr\/wp-content\/uploads\/2024\/05\/Carte-scolaire-2024.pdf\">CARTE SCOLAIRE (conflans-sainte-honorine.fr)<\/a><\/li>\n<\/ul>\n<p><!-- \/wp:paragraph --><\/p>\n<p><!-- wp:image {\"id\":1910,\"sizeSlug\":\"large\"} --><\/p>\n<figure class=\"wp-block-image size-large\"><\/figure>\n<p><!-- \/wp:image --><\/p>\n<p><!-- wp:image {\"id\":1911,\"sizeSlug\":\"large\"} --><\/p>\n<p><!-- \/wp:image --><\/p>\n<p><!-- wp:list --><\/p>\n<div class=\"wp-block-file\">\u00a0<\/div>\n<p><!-- \/wp:file --><\/p>\n<p><!-- wp:list --><\/p>\n<p><!-- \/wp:list --><\/p>","protected":false},"excerpt":{"rendered":"<p>170 avenue du Mar\u00e9chal Foch 78700 Conflans-Sainte-Honorine T\u00e9l:\u00a001 34 90 84 30 Directeur :\u00a0S. Godin Site de l&#8217;\u00e9cole :\u00a0https:\/\/www.ec-chennevieres-conflans.ac-versailles.fr\/\u00a0 Centre de loisirs :\u00a001 34 90 84 35 L&#8217;\u00e9cole Chennevi\u00e8res compte 18 classes\u00a0 Les parents d&#8217;\u00e9l\u00e8ves \u00e9lus FCPE 2022-2023 : Riad OTHMAN &#8211; 12 si\u00e8ges pourvus par les f\u00e9d\u00e9rations de parents &#8230;<\/p>\n","protected":false},"author":34,"featured_media":0,"parent":35,"menu_order":0,"comment_status":"closed","ping_status":"closed","template":"template-content-sidebar.php","meta":{"jetpack_post_was_ever_published":false},"jetpack_shortlink":"https:\/\/wp.me\/P91mhl-1N","_links":{"self":[{"href":"https:\/\/www.fcpe78.fr\/cl\/conflans\/wp-json\/wp\/v2\/pages\/111"}],"collection":[{"href":"https:\/\/www.fcpe78.fr\/cl\/conflans\/wp-json\/wp\/v2\/pages"}],"about":[{"href":"https:\/\/www.fcpe78.fr\/cl\/conflans\/wp-json\/wp\/v2\/types\/page"}],"author":[{"embeddable":true,"href":"https:\/\/www.fcpe78.fr\/cl\/conflans\/wp-json\/wp\/v2\/users\/34"}],"replies":[{"embeddable":true,"href":"https:\/\/www.fcpe78.fr\/cl\/conflans\/wp-json\/wp\/v2\/comments?post=111"}],"version-history":[{"count":25,"href":"https:\/\/www.fcpe78.fr\/cl\/conflans\/wp-json\/wp\/v2\/pages\/111\/revisions"}],"predecessor-version":[{"id":2346,"href":"https:\/\/www.fcpe78.fr\/cl\/conflans\/wp-json\/wp\/v2\/pages\/111\/revisions\/2346"}],"up":[{"embeddable":true,"href":"https:\/\/www.fcpe78.fr\/cl\/conflans\/wp-json\/wp\/v2\/pages\/35"}],"wp:attachment":[{"href":"https:\/\/www.fcpe78.fr\/cl\/conflans\/wp-json\/wp\/v2\/media?parent=111"}],"curies":[{"name":"wp","href":"https:\/\/api.w.org\/{rel}","templated":true}]}}