{"id":92,"date":"2018-07-03T16:39:08","date_gmt":"2018-07-03T14:39:08","guid":{"rendered":"http:\/\/www.fcpe78.fr\/cl\/chatou\/?page_id=92"},"modified":"2020-03-10T09:36:13","modified_gmt":"2020-03-10T08:36:13","slug":"election-des-parents-deleves","status":"publish","type":"page","link":"https:\/\/www.fcpe78.fr\/cl\/chatou\/election-des-parents-deleves\/","title":{"rendered":"Election des parents d&rsquo;\u00e9l\u00e8ves"},"content":{"rendered":"<h2>Pourquoi voter aux \u00e9lections de parents d&rsquo;\u00e9l\u00e8ves ?<\/h2>\n<p>Participer aux \u00e9lections de parents d&rsquo;\u00e9l\u00e8ves permet d&rsquo;\u00e9lire des parents qui vous repr\u00e9senteront \u00e0 l&rsquo;\u00e9cole (au conseil d&rsquo;\u00e9cole ou de classe, au quotidien), aupr\u00e8s de la municipalit\u00e9 ou de l&rsquo;inspection acad\u00e9mique.<\/p>\n<p>Une participation forte nous permet de faire valoir que nous vous repr\u00e9sentons, que vous \u00eates concern\u00e9s et nous conf\u00e8re ainsi un plus grand poids dans les d\u00e9cisions prises.<\/p>\n<p>Vous aurez par exemple \u00e0 nous contacter :<br \/>\n&#8211; pour r\u00e9pondre \u00e0 vos questions lors de votre arriv\u00e9e dans une nouvelle \u00e9cole<br \/>\n&#8211; pour nous signaler un probl\u00e8me concernant les enfants collectivement<br \/>\n&#8211; pour participer \u00e0 l&rsquo;organisation d&rsquo;une f\u00eate de l&rsquo;\u00e9cole ou d&rsquo;un moment de partage enfant-enseignant-parent &#8230;<\/p>\n<p>Se r\u00e9f\u00e9rer \u00e0 la rubrique \u00ab\u00a0la FCPE de Chatou\u00a0\u00bb pour une liste exhaustive de notre r\u00f4le et attributions.<\/p>\n<p>&nbsp;<\/p>\n<h2 style=\"text-align: center\">R\u00e9sultats des \u00c9lections des Parents d\u2019\u00c9l\u00e8ves en 2019-2020<\/h2>\n<table style=\"width: 111.862%;height: 374px\" cellspacing=\"0\" cellpadding=\"0\">\n<tbody>\n<tr style=\"height: 43px\">\n<td style=\"width: 178px;height: 43px\">\u00c9tablissement<\/td>\n<td style=\"width: 74px;height: 43px\">Niveau<\/td>\n<td style=\"width: 56px;height: 43px\">Nb Cl.<\/td>\n<td style=\"width: 94px;height: 43px\">% Votants<\/td>\n<td style=\"width: 97px;height: 43px\">% FCPE<\/td>\n<td style=\"width: 74px;height: 43px\">% PEEP<\/td>\n<td style=\"width: 78px;height: 43px\">Si\u00e8ges FCPE<\/td>\n<\/tr>\n<tr style=\"height: 22px\">\n<td style=\"width: 178px;height: 22px\">BOUSSON<\/td>\n<td style=\"width: 74px;height: 22px\">Matern.<\/td>\n<td style=\"width: 56px;height: 22px\">5<\/td>\n<td style=\"width: 94px;height: 22px\">%<\/td>\n<td style=\"width: 97px;height: 22px\">%<\/td>\n<td style=\"width: 74px;height: 22px\">%<\/td>\n<td style=\"width: 78px;height: 22px\">\/5<\/td>\n<\/tr>\n<tr style=\"height: 22px\">\n<td style=\"width: 178px;height: 22px\">CHARDROTTES<\/td>\n<td style=\"width: 74px;height: 22px\">Matern.<\/td>\n<td style=\"width: 56px;height: 22px\">5<\/td>\n<td style=\"width: 94px;height: 22px\">67,62%<\/td>\n<td style=\"width: 97px;height: 22px\">47,83%<\/td>\n<td style=\"width: 74px;height: 22px\">52,17%<\/td>\n<td style=\"width: 78px;height: 22px\">2\/5<\/td>\n<\/tr>\n<tr style=\"height: 22px\">\n<td style=\"width: 178px;height: 22px\">MAROLLES<\/td>\n<td style=\"width: 74px;height: 22px\">Matern.<\/td>\n<td style=\"width: 56px;height: 22px\">4<\/td>\n<td style=\"width: 94px;height: 22px\">60,68%<\/td>\n<td style=\"width: 97px;height: 22px\">100%<\/td>\n<td style=\"width: 74px;height: 22px\">0%<\/td>\n<td style=\"width: 78px;height: 22px\">5\/5<\/td>\n<\/tr>\n<tr style=\"height: 22px\">\n<td style=\"width: 178px;height: 22px\">LARRIS<\/td>\n<td style=\"width: 74px;height: 22px\">Matern.<\/td>\n<td style=\"width: 56px;height: 22px\">4<\/td>\n<td style=\"width: 94px;height: 22px\">50,47%<\/td>\n<td style=\"width: 97px;height: 22px\">61,36%<\/td>\n<td style=\"width: 74px;height: 22px\">38,64%<\/td>\n<td style=\"width: 78px;height: 22px\">2\/4<\/td>\n<\/tr>\n<tr style=\"height: 22px\">\n<td style=\"width: 178px;height: 22px\">CORMIERS<\/td>\n<td style=\"width: 74px;height: 22px\">Matern.<\/td>\n<td style=\"width: 56px;height: 22px\">3<\/td>\n<td style=\"width: 94px;height: 22px\">%<\/td>\n<td style=\"width: 97px;height: 22px\">%<\/td>\n<td style=\"width: 74px;height: 22px\">%<\/td>\n<td style=\"width: 78px;height: 22px\">0\/3<\/td>\n<\/tr>\n<tr style=\"height: 22px\">\n<td style=\"width: 178px;height: 22px\">CHAMPS-MOUTON<\/td>\n<td style=\"width: 74px;height: 22px\">Matern.<\/td>\n<td style=\"width: 56px;height: 22px\">10<\/td>\n<td style=\"width: 94px;height: 22px\">%<\/td>\n<td style=\"width: 97px;height: 22px\">%<\/td>\n<td style=\"width: 74px;height: 22px\">%<\/td>\n<td style=\"width: 78px;height: 22px\">\/10<\/td>\n<\/tr>\n<tr style=\"height: 22px\">\n<td style=\"width: 178px;height: 22px\">SABINETTES<\/td>\n<td style=\"width: 74px;height: 22px\">Matern.<\/td>\n<td style=\"width: 56px;height: 22px\">5<\/td>\n<td style=\"width: 94px;height: 22px\">&nbsp;<\/td>\n<td style=\"width: 97px;height: 22px\">Pas de liste<\/td>\n<td style=\"width: 74px;height: 22px\">&nbsp;<\/td>\n<td style=\"width: 78px;height: 22px\">0\/5<\/td>\n<\/tr>\n<tr style=\"height: 22px\">\n<td style=\"width: 178px;height: 22px\">CHAMPAGNES<\/td>\n<td style=\"width: 74px;height: 22px\">Matern.<\/td>\n<td style=\"width: 56px;height: 22px\">3<\/td>\n<td style=\"width: 94px;height: 22px\">69.63%<\/td>\n<td style=\"width: 97px;height: 22px\">100%<\/td>\n<td style=\"width: 74px;height: 22px\">0%<\/td>\n<td style=\"width: 78px;height: 22px\">3\/3<\/td>\n<\/tr>\n<tr style=\"height: 22px\">\n<td style=\"width: 178px;height: 23px\">VICTOR HUGO<\/td>\n<td style=\"width: 74px;height: 23px\">Elem.<\/td>\n<td style=\"width: 56px;height: 23px\">15<\/td>\n<td style=\"width: 94px;height: 23px\">51.34%<\/td>\n<td style=\"width: 97px;height: 23px\">56.94%<\/td>\n<td style=\"width: 74px;height: 23px\">43.06%<\/td>\n<td style=\"width: 78px;height: 23px\">8\/14<\/td>\n<\/tr>\n<tr style=\"height: 22px\">\n<td style=\"width: 178px;height: 22px\">VAL FLEURI<\/td>\n<td style=\"width: 74px;height: 22px\">Elem.<\/td>\n<td style=\"width: 56px;height: 22px\">10<\/td>\n<td style=\"width: 94px;height: 22px\">%<\/td>\n<td style=\"width: 97px;height: 22px\">%<\/td>\n<td style=\"width: 74px;height: 22px\">%<\/td>\n<td style=\"width: 78px;height: 22px\">\/10<\/td>\n<\/tr>\n<tr style=\"height: 22px\">\n<td style=\"width: 178px;height: 22px\">JULES FERRY<\/td>\n<td style=\"width: 74px;height: 22px\">Elem.<\/td>\n<td style=\"width: 56px;height: 22px\">10<\/td>\n<td style=\"width: 94px;height: 22px\">64,37%<\/td>\n<td style=\"width: 97px;height: 22px\">61,07%<\/td>\n<td style=\"width: 74px;height: 22px\">38,93%<\/td>\n<td style=\"width: 78px;height: 22px\">6\/10<\/td>\n<\/tr>\n<tr style=\"height: 22px\">\n<td style=\"width: 178px;height: 22px\">CHAMPS-MOUTON<\/td>\n<td style=\"width: 74px;height: 22px\">Elem.<\/td>\n<td style=\"width: 56px;height: 22px\">10<\/td>\n<td style=\"width: 94px;height: 22px\">%<\/td>\n<td style=\"width: 97px;height: 22px\">%<\/td>\n<td style=\"width: 74px;height: 22px\">%<\/td>\n<td style=\"width: 78px;height: 22px\">\/10<\/td>\n<\/tr>\n<tr style=\"height: 22px\">\n<td style=\"width: 178px;height: 22px\">JEAN ROSTAND<\/td>\n<td style=\"width: 74px;height: 22px\">Elem.<\/td>\n<td style=\"width: 56px;height: 22px\">12<\/td>\n<td style=\"width: 94px;height: 22px\">57.53%<\/td>\n<td style=\"width: 97px;height: 22px\">44,44%<\/td>\n<td style=\"width: 74px;height: 22px\">55,56%<\/td>\n<td style=\"width: 78px;height: 22px\">5\/12<\/td>\n<\/tr>\n<tr style=\"height: 22px\">\n<td style=\"width: 178px;height: 22px\">AUGUSTE RENOIR<\/td>\n<td style=\"width: 74px;height: 22px\">Coll.<\/td>\n<td style=\"width: 56px;height: 22px\">24<\/td>\n<td style=\"width: 94px;height: 22px\">32,53%<\/td>\n<td style=\"width: 97px;height: 22px\">52.48%<\/td>\n<td style=\"width: 74px;height: 22px\">47.52%<\/td>\n<td style=\"width: 78px;height: 22px\">4\/7<\/td>\n<\/tr>\n<tr style=\"height: 22px\">\n<td style=\"width: 178px;height: 22px\">PAUL BERT<\/td>\n<td style=\"width: 74px;height: 22px\">Coll.<\/td>\n<td style=\"width: 56px;height: 22px\">19<\/td>\n<td style=\"width: 94px;height: 22px\">36,69%<\/td>\n<td style=\"width: 97px;height: 22px\">51,15%<\/td>\n<td style=\"width: 74px;height: 22px\">48.85%<\/td>\n<td style=\"width: 78px;height: 22px\">3\/6<\/td>\n<\/tr>\n<\/tbody>\n<\/table>\n<p>La FCPE de Chatou a totalis\u00e9 % des voix pour l&rsquo;ann\u00e9e 2019-2020.<br \/>\n<strong><br \/>\nUn grand merci \u00e0 tous les parents d\u00e9l\u00e9gu\u00e9s qui nous\/vous repr\u00e9sentent.<\/strong><\/p>\n<p><strong>Les affiches que vous pouvez utiliser lors des \u00e9lections:<\/strong> <a href=\"\/\/www.fcpe78.fr\/cl\/chatou\/election-des-parents-deleves\/affiches-elections\/\">http:\/\/www.fcpe78.fr\/cl\/chatou\/election-des-parents-deleves\/affiches-elections\/<\/a><\/p>\n","protected":false},"excerpt":{"rendered":"<p>Pourquoi voter aux \u00e9lections de parents d&rsquo;\u00e9l\u00e8ves ? Participer aux \u00e9lections de parents d&rsquo;\u00e9l\u00e8ves permet d&rsquo;\u00e9lire des parents qui vous repr\u00e9senteront \u00e0 l&rsquo;\u00e9cole (au conseil d&rsquo;\u00e9cole ou de classe, au quotidien), aupr\u00e8s de la municipalit\u00e9 ou de l&rsquo;inspection acad\u00e9mique. Une participation forte nous permet de faire valoir que nous vous &#8230;<\/p>\n","protected":false},"author":18,"featured_media":0,"parent":0,"menu_order":0,"comment_status":"closed","ping_status":"closed","template":"","meta":[],"_links":{"self":[{"href":"https:\/\/www.fcpe78.fr\/cl\/chatou\/wp-json\/wp\/v2\/pages\/92"}],"collection":[{"href":"https:\/\/www.fcpe78.fr\/cl\/chatou\/wp-json\/wp\/v2\/pages"}],"about":[{"href":"https:\/\/www.fcpe78.fr\/cl\/chatou\/wp-json\/wp\/v2\/types\/page"}],"author":[{"embeddable":true,"href":"https:\/\/www.fcpe78.fr\/cl\/chatou\/wp-json\/wp\/v2\/users\/18"}],"replies":[{"embeddable":true,"href":"https:\/\/www.fcpe78.fr\/cl\/chatou\/wp-json\/wp\/v2\/comments?post=92"}],"version-history":[{"count":7,"href":"https:\/\/www.fcpe78.fr\/cl\/chatou\/wp-json\/wp\/v2\/pages\/92\/revisions"}],"predecessor-version":[{"id":442,"href":"https:\/\/www.fcpe78.fr\/cl\/chatou\/wp-json\/wp\/v2\/pages\/92\/revisions\/442"}],"wp:attachment":[{"href":"https:\/\/www.fcpe78.fr\/cl\/chatou\/wp-json\/wp\/v2\/media?parent=92"}],"curies":[{"name":"wp","href":"https:\/\/api.w.org\/{rel}","templated":true}]}}