{"id":80,"date":"2018-07-03T16:30:07","date_gmt":"2018-07-03T14:30:07","guid":{"rendered":"http:\/\/www.fcpe78.fr\/cl\/chatou\/?page_id=80"},"modified":"2024-10-04T16:33:31","modified_gmt":"2024-10-04T14:33:31","slug":"college-paul-bert","status":"publish","type":"page","link":"https:\/\/www.fcpe78.fr\/cl\/chatou\/college-paul-bert\/","title":{"rendered":"Coll\u00e8ge Paul Bert"},"content":{"rendered":"<div>\n<p><img decoding=\"async\" loading=\"lazy\" class=\"alignnone  wp-image-356\" src=\"http:\/\/www.fcpe78.fr\/cl\/chatou\/files\/2019\/03\/Paul-Bert-1.jpg\" alt=\"\" width=\"317\" height=\"108\" srcset=\"https:\/\/www.fcpe78.fr\/cl\/chatou\/files\/2019\/03\/Paul-Bert-1.jpg 384w, https:\/\/www.fcpe78.fr\/cl\/chatou\/files\/2019\/03\/Paul-Bert-1-300x102.jpg 300w, https:\/\/www.fcpe78.fr\/cl\/chatou\/files\/2019\/03\/Paul-Bert-1-332x113.jpg 332w\" sizes=\"(max-width: 317px) 100vw, 317px\" \/> <img decoding=\"async\" loading=\"lazy\" class=\"alignnone  wp-image-355\" src=\"http:\/\/www.fcpe78.fr\/cl\/chatou\/files\/2019\/03\/Journ\u00e9e-contre-harc\u00e8lement-Paul-Bert.jpg\" alt=\"\" width=\"205\" height=\"107\" srcset=\"https:\/\/www.fcpe78.fr\/cl\/chatou\/files\/2019\/03\/Journ\u00e9e-contre-harc\u00e8lement-Paul-Bert.jpg 768w, https:\/\/www.fcpe78.fr\/cl\/chatou\/files\/2019\/03\/Journ\u00e9e-contre-harc\u00e8lement-Paul-Bert-300x157.jpg 300w, https:\/\/www.fcpe78.fr\/cl\/chatou\/files\/2019\/03\/Journ\u00e9e-contre-harc\u00e8lement-Paul-Bert-700x367.jpg 700w, https:\/\/www.fcpe78.fr\/cl\/chatou\/files\/2019\/03\/Journ\u00e9e-contre-harc\u00e8lement-Paul-Bert-332x174.jpg 332w\" sizes=\"(max-width: 205px) 100vw, 205px\" \/><\/p>\n<p>12 rue des \u00c9coles 78400 Chatou<br \/>\n01 39 52 14 71<\/p>\n<p><strong>Principale<\/strong> : M<sup>me<\/sup>\u00a0Annabelle LEPERT<br \/>\n<strong>Principale Adjoint<\/strong>: M<sup>me<\/sup>\u00a0R\u00e9gine CHEKROUN<\/p>\n<div><strong>Votre interlocuteur FCPE au coll\u00e8ge:<\/strong><\/div>\n<div>\nMme Mia THABO<\/div>\n<div><\/div>\n<div><span style=\"font-size: inherit\">Email: <a href=\"mailto:college.paulbert.fcpe@gmail.com\" target=\"_blank\" rel=\"noopener\">college.paulbert.fcpe@gmail.com<\/a><\/span><\/div>\n<\/div>\n<div class=\"nettoyeur\"><\/div>\n<p><strong>Effectifs 2022-2023<\/strong>\u00a0: 471 \u00e9l\u00e8ves<\/p>\n<p><strong>Les repr\u00e9sentants de parents d\u2019\u00e9l\u00e8ves au coll\u00e8ge Paul Bert c\u2019est:<\/strong><\/p>\n<div>\n<ul>\n<li>Suivre avec vigilance les travaux de restructuration du coll\u00e8ge et veiller \u00e0 l&rsquo;accueil des \u00e9l\u00e8ves afin que les conditions soient les plus favorables possible<\/li>\n<li>Soutenir les initiatives telles que les sorties scolaires et les voyages<\/li>\n<li>Favoriser et soutenir l&rsquo;offre de langues<\/li>\n<li>Privil\u00e9gier les actions sant\u00e9 et citoyennet\u00e9, la pr\u00e9vention routi\u00e8re et les autres actions au b\u00e9n\u00e9fice de la vie des coll\u00e9giens<\/li>\n<li>Veiller \u00e0 ce que les enseignants et tous les \u00e9l\u00e8ves, notamment ceux en difficult\u00e9, re\u00e7oivent les moyens n\u00e9cessaires pour am\u00e9liorer la qualit\u00e9 de l&rsquo;enseignement dispens\u00e9<\/li>\n<li>Vous repr\u00e9senter aux conseils d&rsquo;administration, aux conseils de classe, aux conseils de discipline, ainsi qu&rsquo;au sein des autres instances du coll\u00e8ge, comme aupr\u00e8s d&rsquo;interlocuteurs ext\u00e9rieurs<\/li>\n<li>Poursuivre le dialogue constructif et continuer \u00e0 \u00eatre un lien aupr\u00e8s des \u00e9quipes p\u00e9dagogiques et administratives pour am\u00e9liorer l&rsquo;organisation et la qualit\u00e9 de la vie scolaire<\/li>\n<li>Transmettre des informations utiles aux parents tout au long de l&rsquo;ann\u00e9e<\/li>\n<li><span class=\"m_-1378233755263386340gmail-il\">Promouvoir la section LCE<\/span><\/li>\n<li><span class=\"m_-1378233755263386340gmail-il\">Renforcer la liaison entre le coll\u00e8ge et les \u00e9coles primaires<\/span><\/li>\n<\/ul>\n<\/div>\n<div>\n<div class=\"nettoyeur\">\n<div>\n<div class=\"nettoyeur\"><\/div>\n<\/div>\n<\/div>\n<\/div>\n<p><a href=\"http:\/\/www.fcpe78.fr\/cl\/chatou\/pourquoi-adherer\/\"><br \/>\nN\u2019h\u00e9sitez pas \u00e0 nous contacter ou m\u00eame \u00e0 nous rejoindre.<\/a><\/p>\n","protected":false},"excerpt":{"rendered":"<p>12 rue des \u00c9coles 78400 Chatou 01 39 52 14 71 Principale : Mme\u00a0Annabelle LEPERT Principale Adjoint: Mme\u00a0R\u00e9gine CHEKROUN Votre interlocuteur FCPE au coll\u00e8ge: Mme Mia THABO Email: college.paulbert.fcpe@gmail.com Effectifs 2022-2023\u00a0: 471 \u00e9l\u00e8ves Les repr\u00e9sentants de parents d\u2019\u00e9l\u00e8ves au coll\u00e8ge Paul Bert c\u2019est: Suivre avec vigilance les travaux de restructuration &#8230;<\/p>\n","protected":false},"author":18,"featured_media":0,"parent":0,"menu_order":0,"comment_status":"closed","ping_status":"closed","template":"","meta":[],"_links":{"self":[{"href":"https:\/\/www.fcpe78.fr\/cl\/chatou\/wp-json\/wp\/v2\/pages\/80"}],"collection":[{"href":"https:\/\/www.fcpe78.fr\/cl\/chatou\/wp-json\/wp\/v2\/pages"}],"about":[{"href":"https:\/\/www.fcpe78.fr\/cl\/chatou\/wp-json\/wp\/v2\/types\/page"}],"author":[{"embeddable":true,"href":"https:\/\/www.fcpe78.fr\/cl\/chatou\/wp-json\/wp\/v2\/users\/18"}],"replies":[{"embeddable":true,"href":"https:\/\/www.fcpe78.fr\/cl\/chatou\/wp-json\/wp\/v2\/comments?post=80"}],"version-history":[{"count":13,"href":"https:\/\/www.fcpe78.fr\/cl\/chatou\/wp-json\/wp\/v2\/pages\/80\/revisions"}],"predecessor-version":[{"id":698,"href":"https:\/\/www.fcpe78.fr\/cl\/chatou\/wp-json\/wp\/v2\/pages\/80\/revisions\/698"}],"wp:attachment":[{"href":"https:\/\/www.fcpe78.fr\/cl\/chatou\/wp-json\/wp\/v2\/media?parent=80"}],"curies":[{"name":"wp","href":"https:\/\/api.w.org\/{rel}","templated":true}]}}