{"id":66,"date":"2018-07-03T16:23:47","date_gmt":"2018-07-03T14:23:47","guid":{"rendered":"http:\/\/www.fcpe78.fr\/cl\/chatou\/?page_id=66"},"modified":"2024-10-04T17:50:16","modified_gmt":"2024-10-04T15:50:16","slug":"elementaire-victor-hugo","status":"publish","type":"page","link":"https:\/\/www.fcpe78.fr\/cl\/chatou\/elementaire-victor-hugo\/","title":{"rendered":"\u00c9l\u00e9mentaire Victor Hugo"},"content":{"rendered":"<div id=\"CMS\">\n<div>\n<p><img decoding=\"async\" loading=\"lazy\" class=\"alignnone  wp-image-347\" src=\"http:\/\/www.fcpe78.fr\/cl\/chatou\/files\/2019\/03\/victorhugo.jpg\" alt=\"\" width=\"224\" height=\"169\" srcset=\"https:\/\/www.fcpe78.fr\/cl\/chatou\/files\/2019\/03\/victorhugo.jpg 393w, https:\/\/www.fcpe78.fr\/cl\/chatou\/files\/2019\/03\/victorhugo-300x226.jpg 300w, https:\/\/www.fcpe78.fr\/cl\/chatou\/files\/2019\/03\/victorhugo-332x250.jpg 332w\" sizes=\"(max-width: 224px) 100vw, 224px\" \/><\/p>\n<p>5 chemin de traverse<br \/>\n78400 Chatou<br \/>\nTel : 01 34 80 68 08<br \/>\n<strong>Direction<\/strong> : Mme Bouvier<\/p>\n<div>\n<div><strong>Votre interlocuteur FCPE \u00e0 l\u2019\u00e9cole:<\/strong><span style=\"color: #000000\"> Mmes M\u00e9lanie Gervasi et Adeline Vallet<\/span><br \/>\n<span style=\"color: #000000\">Email:\u00a0<a style=\"color: #000000\" href=\"mailto:fcpe.victorhugo.chatou@gmail.com\" target=\"_blank\" rel=\"noopener\">fcpe.victorhugo.chatou@gmail.com<\/a><\/span><\/div>\n<\/div>\n<\/div>\n<\/div>\n<p><img decoding=\"async\" loading=\"lazy\" class=\" wp-image-723 alignleft\" src=\"http:\/\/www.fcpe78.fr\/cl\/chatou\/files\/2024\/10\/Profession-de-foi-FCPE-VICTOR-HUGO-2024-2025-722x1024.png\" alt=\"\" width=\"555\" height=\"787\" srcset=\"https:\/\/www.fcpe78.fr\/cl\/chatou\/files\/2024\/10\/Profession-de-foi-FCPE-VICTOR-HUGO-2024-2025-722x1024.png 722w, https:\/\/www.fcpe78.fr\/cl\/chatou\/files\/2024\/10\/Profession-de-foi-FCPE-VICTOR-HUGO-2024-2025-212x300.png 212w, https:\/\/www.fcpe78.fr\/cl\/chatou\/files\/2024\/10\/Profession-de-foi-FCPE-VICTOR-HUGO-2024-2025-768x1089.png 768w, https:\/\/www.fcpe78.fr\/cl\/chatou\/files\/2024\/10\/Profession-de-foi-FCPE-VICTOR-HUGO-2024-2025-1083x1536.png 1083w, https:\/\/www.fcpe78.fr\/cl\/chatou\/files\/2024\/10\/Profession-de-foi-FCPE-VICTOR-HUGO-2024-2025-700x993.png 700w, https:\/\/www.fcpe78.fr\/cl\/chatou\/files\/2024\/10\/Profession-de-foi-FCPE-VICTOR-HUGO-2024-2025-332x471.png 332w, https:\/\/www.fcpe78.fr\/cl\/chatou\/files\/2024\/10\/Profession-de-foi-FCPE-VICTOR-HUGO-2024-2025.png 1410w\" sizes=\"(max-width: 555px) 100vw, 555px\" \/><\/p>\n<div id=\"CMS\">\n<div>\n<div>\n<div>\n<div>\u00a0<strong>Effectifs de l\u2019\u00e9cole<\/strong><span style=\"color: #000000\"><strong> 2022-2023<\/strong> : 329 \u00e9l\u00e8ves r\u00e9partis en 14 classes (dont ULIS)<\/span><\/div>\n<div><\/div>\n<\/div>\n<div><strong>Les repr\u00e9sentants de parents d\u2019\u00e9l\u00e8ves \u00e0 l\u2019\u00e9cole Victor Hugo, c\u2019est:<\/strong><\/div>\n<\/div>\n<\/div>\n<div>\n<ul style=\"list-style-type: disc\">\n<li>\u00a0Vous repr\u00e9senter au sein des instances qui animent l\u2019\u00e9cole<\/li>\n<li>\u00catre \u00e0 votre \u00e9coute afin de porter votre parole \u00e0 travers notre pr\u00e9sence aux<br \/>\nconseils d\u2019\u00e9cole et partager avec vous les d\u00e9bats<\/li>\n<li>Faciliter le quotidien de nos enfants dans chaque classe<\/li>\n<li>Mise en place d&rsquo;un syst\u00e8me de parrainage CP\/CM2<\/li>\n<li>Op\u00e9rations Fournitures Scolaires Scol\u00e9o<\/li>\n<li>Cr\u00e9ation d&rsquo;un compte Facebook. Les repr\u00e9sentants de parents ( fcpe\/peep) ont travaill\u00e9 ensemble sur ce projet. Le compte Facebook est r\u00e9serv\u00e9 exclusivement aux parents dont les enfants sont inscrits \u00e0 l&rsquo;\u00e9cole.<\/li>\n<\/ul>\n<\/div>\n<\/div>\n<p><strong><u>Comptes-rendus des conseils d\u2019\u00e9cole\u00a0:<\/u><\/strong><\/p>\n<p><strong>Ann\u00e9e 2018-2019\u00a0:<\/strong><\/p>\n<ul>\n<li>Conseil d\u2019\u00e9cole n\u00b01: <a href=\"http:\/\/www.fcpe78.fr\/cl\/chatou\/files\/2019\/03\/VH_compte-rendu-6-novembre-2018.pdf\">VH_compte-rendu 6 novembre 2018<\/a><\/li>\n<\/ul>\n<p><strong>Ann\u00e9e 2017-2018 :<\/strong><\/p>\n<ul>\n<li>Conseil d\u2019\u00e9cole n\u00b01: <a href=\"http:\/\/www.fcpe78.fr\/cl\/chatou\/files\/2019\/03\/VH_Conseil-\u00e9cole-1-Nov-17.pdf\">VH_Conseil \u00e9cole 1 Nov 17<\/a><\/li>\n<li>Conseil d\u2019\u00e9cole n\u00b02: <a href=\"http:\/\/www.fcpe78.fr\/cl\/chatou\/files\/2019\/03\/VH_conseil-ecole-Num\u00e9ro-2-2018.pdf\">VH_conseil ecole Num\u00e9ro 2 2018<\/a><\/li>\n<li>Conseil d\u2019\u00e9cole n\u00b03: <a href=\"http:\/\/www.fcpe78.fr\/cl\/chatou\/files\/2019\/03\/17-18-CE-3-V-H-N-Nadot.pdf\">17 18 CE 3 V H (N Nadot)<\/a><\/li>\n<\/ul>\n<div id=\"CMS\">\n<p><a href=\"http:\/\/www.fcpe-chatou.fr\/pourquoi-adherer.html\"><br \/>\nN\u2019h\u00e9sitez pas \u00e0 nous contacter ou m\u00eame \u00e0 nous rejoindre.<\/a><\/p>\n<div>\n<div class=\"nettoyeur\"><\/div>\n<\/div>\n<div class=\"nettoyeur\"><\/div>\n<\/div>\n","protected":false},"excerpt":{"rendered":"<p>5 chemin de traverse 78400 Chatou Tel : 01 34 80 68 08 Direction : Mme Bouvier Votre interlocuteur FCPE \u00e0 l\u2019\u00e9cole: Mmes M\u00e9lanie Gervasi et Adeline Vallet Email:\u00a0fcpe.victorhugo.chatou@gmail.com \u00a0Effectifs de l\u2019\u00e9cole 2022-2023 : 329 \u00e9l\u00e8ves r\u00e9partis en 14 classes (dont ULIS) Les repr\u00e9sentants de parents d\u2019\u00e9l\u00e8ves \u00e0 l\u2019\u00e9cole Victor &#8230;<\/p>\n","protected":false},"author":18,"featured_media":0,"parent":0,"menu_order":0,"comment_status":"closed","ping_status":"closed","template":"","meta":[],"_links":{"self":[{"href":"https:\/\/www.fcpe78.fr\/cl\/chatou\/wp-json\/wp\/v2\/pages\/66"}],"collection":[{"href":"https:\/\/www.fcpe78.fr\/cl\/chatou\/wp-json\/wp\/v2\/pages"}],"about":[{"href":"https:\/\/www.fcpe78.fr\/cl\/chatou\/wp-json\/wp\/v2\/types\/page"}],"author":[{"embeddable":true,"href":"https:\/\/www.fcpe78.fr\/cl\/chatou\/wp-json\/wp\/v2\/users\/18"}],"replies":[{"embeddable":true,"href":"https:\/\/www.fcpe78.fr\/cl\/chatou\/wp-json\/wp\/v2\/comments?post=66"}],"version-history":[{"count":11,"href":"https:\/\/www.fcpe78.fr\/cl\/chatou\/wp-json\/wp\/v2\/pages\/66\/revisions"}],"predecessor-version":[{"id":727,"href":"https:\/\/www.fcpe78.fr\/cl\/chatou\/wp-json\/wp\/v2\/pages\/66\/revisions\/727"}],"wp:attachment":[{"href":"https:\/\/www.fcpe78.fr\/cl\/chatou\/wp-json\/wp\/v2\/media?parent=66"}],"curies":[{"name":"wp","href":"https:\/\/api.w.org\/{rel}","templated":true}]}}