{"id":64,"date":"2018-07-03T16:23:00","date_gmt":"2018-07-03T14:23:00","guid":{"rendered":"http:\/\/www.fcpe78.fr\/cl\/chatou\/?page_id=64"},"modified":"2024-10-04T17:36:13","modified_gmt":"2024-10-04T15:36:13","slug":"elementaire-jules-ferry","status":"publish","type":"page","link":"https:\/\/www.fcpe78.fr\/cl\/chatou\/elementaire-jules-ferry\/","title":{"rendered":"\u00c9l\u00e9mentaire Jules Ferry"},"content":{"rendered":"<div id=\"CMS\">\n<div>\n<p><img decoding=\"async\" loading=\"lazy\" class=\"alignnone size-full wp-image-259\" src=\"http:\/\/www.fcpe78.fr\/cl\/chatou\/files\/2018\/12\/78800ecolefelixtoussaint.JPGmaxh200maxw200.jpg\" alt=\"\" width=\"200\" height=\"171\" \/><\/p>\n<p>49, rue L\u00e9on Barbier 78400 Chatou<br \/>\n01 30 71 11 41<br \/>\n<strong>Directrice<\/strong> : Mme Nathalie DA COSTA<\/p>\n<div><strong>Votre interlocuteur FCPE \u00e0 l\u2019\u00e9cole:<\/strong><br \/>\nMme Alexandra SIGAL<br \/>\nEmail:\u00a0<a href=\"mailto:chatoufcpe@gmail.com\">Jules Ferry.<\/a><\/div>\n<\/div>\n<\/div>\n<div class=\"nettoyeur\"><\/div>\n<div><img decoding=\"async\" loading=\"lazy\" class=\" wp-image-713 alignleft\" src=\"http:\/\/www.fcpe78.fr\/cl\/chatou\/files\/2024\/10\/Profession-de-foi-FCPE-JULES-FERRY-2024-2025-722x1024.png\" alt=\"\" width=\"602\" height=\"854\" srcset=\"https:\/\/www.fcpe78.fr\/cl\/chatou\/files\/2024\/10\/Profession-de-foi-FCPE-JULES-FERRY-2024-2025-722x1024.png 722w, https:\/\/www.fcpe78.fr\/cl\/chatou\/files\/2024\/10\/Profession-de-foi-FCPE-JULES-FERRY-2024-2025-212x300.png 212w, https:\/\/www.fcpe78.fr\/cl\/chatou\/files\/2024\/10\/Profession-de-foi-FCPE-JULES-FERRY-2024-2025-768x1089.png 768w, https:\/\/www.fcpe78.fr\/cl\/chatou\/files\/2024\/10\/Profession-de-foi-FCPE-JULES-FERRY-2024-2025-1083x1536.png 1083w, https:\/\/www.fcpe78.fr\/cl\/chatou\/files\/2024\/10\/Profession-de-foi-FCPE-JULES-FERRY-2024-2025-700x993.png 700w, https:\/\/www.fcpe78.fr\/cl\/chatou\/files\/2024\/10\/Profession-de-foi-FCPE-JULES-FERRY-2024-2025-332x471.png 332w, https:\/\/www.fcpe78.fr\/cl\/chatou\/files\/2024\/10\/Profession-de-foi-FCPE-JULES-FERRY-2024-2025.png 1410w\" sizes=\"(max-width: 602px) 100vw, 602px\" \/><\/div>\n<div id=\"CMS\">\n<p><strong>Effectifs de l&rsquo;\u00e9cole 2022-2023:<\/strong> 297 \u00e9l\u00e8ves.<\/p>\n<\/div>\n<div id=\"CMS\">\n<p><strong>Les repr\u00e9sentants de parents d\u2019\u00e9l\u00e8ves \u00e0 l\u2019\u00e9cole Jules Ferry, c\u2019est:<\/strong><\/p>\n<ul>\n<li>\u00eatre pr\u00e9sents, \u00e0 votre \u00e9coute, et r\u00e9pondre au mieux \u00e0 vos questions<\/li>\n<li>Vous transmettre des informations utiles tout au long de l\u2019ann\u00e9e via notre blog: <a href=\"fcpechatoujulesferry.wordpress.com\">fcpechatoujulesferry.wordpress.com<\/a><\/li>\n<li>Continuer \u00e0 \u00eatre un lien aupr\u00e8s des \u00e9quipes p\u00e9dagogiques et administratives pour am\u00e9liorer l&rsquo;organisation et la qualit\u00e9 de la vie scolaire<\/li>\n<li>Soutenir les initiatives telles que les sorties scolaires et les voyages<\/li>\n<li>Mise en place d&rsquo;une collecte de jeux pour le temps du midi<\/li>\n<\/ul>\n<\/div>\n<div>\n<div class=\"nettoyeur\"><span style=\"text-decoration: underline\"><strong>Dates importantes de l\u2019ann\u00e9e:<\/strong><\/span><\/div>\n<ul>\n<li>Rentr\u00e9e des classes: 1 septembre<\/li>\n<li>Loto : \u00e0 confirmer<\/li>\n<li>Boum pour les CM1 et CM2 organis\u00e9e par les parents: \u00e0 confirmer<\/li>\n<li>Randonn\u00e9e pour les CE2, CM1 et CM2: \u00e0 confirmer<\/li>\n<\/ul>\n<div>\n<div class=\"nettoyeur\"><strong><u>Comptes-rendus des conseils d\u2019\u00e9cole\u00a0:<\/u><\/strong><\/div>\n<\/div>\n<p><strong>Ann\u00e9e 2019-2020:<\/strong><\/p>\n<ul>\n<li data-tadv-p=\"keep\">Conseil d\u2019\u00e9cole n\u00b01:<a href=\"http:\/\/www.fcpe78.fr\/cl\/chatou\/files\/2020\/03\/Ecole-Jules-Ferry-CR-Conseil-Ecole-2019-2020-T1-20191105.pdf\">Ecole Jules Ferry &#8211; CR Conseil Ecole 2019-2020 T1 &#8211; 20191105<\/a><\/li>\n<li data-tadv-p=\"keep\">Conseil d&rsquo;\u00e9cole n\u00b02: <a href=\"http:\/\/www.fcpe78.fr\/cl\/chatou\/files\/2020\/03\/Ecole-Jules-Ferry-CR-Conseil-Ecole-2019-2020-T2-20200225.pdf\">Ecole Jules Ferry &#8211; CR Conseil Ecole 2019-2020 T2 &#8211; 20200225<\/a><\/li>\n<li data-tadv-p=\"keep\">Conseil d&rsquo;\u00e9cole n\u00b03: <a href=\"http:\/\/www.fcpe78.fr\/cl\/chatou\/files\/2020\/09\/Ecole-Jules-Ferry-CR-Conseil-Ecole-2019-2020-T3-20200609.pdf\">Ecole Jules Ferry &#8211; CR Conseil Ecole 2019-2020 T3 &#8211; 20200609<\/a><\/li>\n<\/ul>\n<p><strong>Ann\u00e9e 2018-2019\u00a0:<\/strong><\/p>\n<ul>\n<li>Conseil d\u2019\u00e9cole n\u00b01: <a href=\"http:\/\/www.fcpe78.fr\/cl\/chatou\/files\/2018\/12\/Ecole-Jules-Ferry-CR-Conseil-Ecole-T1-20181106.pdf\">Ecole Jules Ferry &#8211; CR Conseil Ecole T1 &#8211; 20181106\u00a0<\/a><\/li>\n<li>Conseil d\u2019\u00e9cole n\u00b02: <a href=\"http:\/\/www.fcpe78.fr\/cl\/chatou\/files\/2019\/03\/Ecole-Jules-Ferry-CR-Conseil-Ecole-2018-2019-T2-20190219.pdf\">Ecole Jules Ferry &#8211; CR Conseil Ecole 2018-2019 T2 &#8211; 20190219\u00a0<\/a><\/li>\n<li>Conseil d&rsquo;\u00e9cole n\u00b03: <a href=\"http:\/\/www.fcpe78.fr\/cl\/chatou\/files\/2020\/03\/Ecole-Jules-Ferry-CR-Conseil-Ecole-2018-2019-T3-20190604.pdf\">Ecole Jules Ferry &#8211; CR Conseil Ecole 2018-2019 T3 &#8211; 20190604<\/a><\/li>\n<\/ul>\n<\/div>\n<div id=\"CMS\">\n<p><a href=\"http:\/\/www.fcpe-chatou.fr\/pourquoi-adherer.html\">N\u2019h\u00e9sitez pas \u00e0 nous contacter ou m\u00eame \u00e0 nous rejoindre.<\/a><\/p>\n<div class=\"nettoyeur\"><\/div>\n<\/div>\n<div id=\"footer\"><\/div>\n","protected":false},"excerpt":{"rendered":"<p>49, rue L\u00e9on Barbier 78400 Chatou 01 30 71 11 41 Directrice : Mme Nathalie DA COSTA Votre interlocuteur FCPE \u00e0 l\u2019\u00e9cole: Mme Alexandra SIGAL Email:\u00a0Jules Ferry. Effectifs de l&rsquo;\u00e9cole 2022-2023: 297 \u00e9l\u00e8ves. Les repr\u00e9sentants de parents d\u2019\u00e9l\u00e8ves \u00e0 l\u2019\u00e9cole Jules Ferry, c\u2019est: \u00eatre pr\u00e9sents, \u00e0 votre \u00e9coute, et r\u00e9pondre &#8230;<\/p>\n","protected":false},"author":18,"featured_media":0,"parent":0,"menu_order":0,"comment_status":"closed","ping_status":"closed","template":"","meta":[],"_links":{"self":[{"href":"https:\/\/www.fcpe78.fr\/cl\/chatou\/wp-json\/wp\/v2\/pages\/64"}],"collection":[{"href":"https:\/\/www.fcpe78.fr\/cl\/chatou\/wp-json\/wp\/v2\/pages"}],"about":[{"href":"https:\/\/www.fcpe78.fr\/cl\/chatou\/wp-json\/wp\/v2\/types\/page"}],"author":[{"embeddable":true,"href":"https:\/\/www.fcpe78.fr\/cl\/chatou\/wp-json\/wp\/v2\/users\/18"}],"replies":[{"embeddable":true,"href":"https:\/\/www.fcpe78.fr\/cl\/chatou\/wp-json\/wp\/v2\/comments?post=64"}],"version-history":[{"count":22,"href":"https:\/\/www.fcpe78.fr\/cl\/chatou\/wp-json\/wp\/v2\/pages\/64\/revisions"}],"predecessor-version":[{"id":722,"href":"https:\/\/www.fcpe78.fr\/cl\/chatou\/wp-json\/wp\/v2\/pages\/64\/revisions\/722"}],"wp:attachment":[{"href":"https:\/\/www.fcpe78.fr\/cl\/chatou\/wp-json\/wp\/v2\/media?parent=64"}],"curies":[{"name":"wp","href":"https:\/\/api.w.org\/{rel}","templated":true}]}}