{"id":55,"date":"2018-07-03T16:18:45","date_gmt":"2018-07-03T14:18:45","guid":{"rendered":"http:\/\/www.fcpe78.fr\/cl\/chatou\/?page_id=55"},"modified":"2022-10-20T14:42:12","modified_gmt":"2022-10-20T12:42:12","slug":"maternelle-les-sabinettes","status":"publish","type":"page","link":"https:\/\/www.fcpe78.fr\/cl\/chatou\/maternelle-les-sabinettes\/","title":{"rendered":"Maternelle Les Sabinettes"},"content":{"rendered":"<div>\n<p><img decoding=\"async\" loading=\"lazy\" class=\"alignnone  wp-image-312\" src=\"http:\/\/www.fcpe78.fr\/cl\/chatou\/files\/2018\/12\/sabinette.jpg\" alt=\"\" width=\"211\" height=\"158\" \/><\/p>\n<p>5, rue des Sabinettes 78400 Chatou<br \/>\n01 30 71 16 41<br \/>\n<strong>Directrice<\/strong> : Madame Lecharny<\/p>\n<div>\n<div class=\"nettoyeur\"><\/div>\n<\/div>\n<\/div>\n<div>\n<div class=\"nettoyeur\"><\/div>\n<\/div>\n<p>Effectif de l\u2019\u00e9cole 2022-2023 : 132 enfants, r\u00e9partis en 5 classes<\/p>\n<p>CR\u00c9EZ une LISTE de REPR\u00c9SENTANTS de PARENTS d\u2019\u00e9l\u00e8ves \u00e0 partir de 2 personnes !!<\/p>\n<p><strong>Il n\u2019y a pas actuellement de liste FCPE sur cette \u00e9cole.<\/strong><\/p>\n<p>Vous pouvez facilement ouvrir une liste de repr\u00e9sentants sur l\u2019\u00e9cole.<\/p>\n<p>C\u2019est accessible \u00e0 tous et nous vous apporterons toute l\u2019aide n\u00e9cessaire!!<\/p>\n<ul>\n<li>Vous pourrez assister aux conseils de classe 3 fois par an<\/li>\n<li>Vous connaitrez mieux l\u2019\u00e9cole et son fonctionnement<\/li>\n<li>Vous deviendrez le parent le plus populaire aupr\u00e8s des enfants !<\/li>\n<\/ul>\n<p>Les listes se cr\u00e9ent en tout d\u00e9but d\u2019ann\u00e9e scolaire pour les \u00e9lections qui ont lieu mi-octobre.<\/p>\n<div class=\"nettoyeur\"><\/div>\n<p><a href=\"http:\/\/www.fcpe78.fr\/cl\/chatou\/pourquoi-adherer\/\">N\u2019h\u00e9sitez pas \u00e0 nous contacter pour toute question et m\u00eame nous rejoindre<br \/>\n<\/a><\/p>\n","protected":false},"excerpt":{"rendered":"<p>5, rue des Sabinettes 78400 Chatou 01 30 71 16 41 Directrice : Madame Lecharny Effectif de l\u2019\u00e9cole 2022-2023 : 132 enfants, r\u00e9partis en 5 classes CR\u00c9EZ une LISTE de REPR\u00c9SENTANTS de PARENTS d\u2019\u00e9l\u00e8ves \u00e0 partir de 2 personnes !! Il n\u2019y a pas actuellement de liste FCPE sur cette &#8230;<\/p>\n","protected":false},"author":18,"featured_media":0,"parent":0,"menu_order":0,"comment_status":"closed","ping_status":"closed","template":"","meta":[],"_links":{"self":[{"href":"https:\/\/www.fcpe78.fr\/cl\/chatou\/wp-json\/wp\/v2\/pages\/55"}],"collection":[{"href":"https:\/\/www.fcpe78.fr\/cl\/chatou\/wp-json\/wp\/v2\/pages"}],"about":[{"href":"https:\/\/www.fcpe78.fr\/cl\/chatou\/wp-json\/wp\/v2\/types\/page"}],"author":[{"embeddable":true,"href":"https:\/\/www.fcpe78.fr\/cl\/chatou\/wp-json\/wp\/v2\/users\/18"}],"replies":[{"embeddable":true,"href":"https:\/\/www.fcpe78.fr\/cl\/chatou\/wp-json\/wp\/v2\/comments?post=55"}],"version-history":[{"count":7,"href":"https:\/\/www.fcpe78.fr\/cl\/chatou\/wp-json\/wp\/v2\/pages\/55\/revisions"}],"predecessor-version":[{"id":612,"href":"https:\/\/www.fcpe78.fr\/cl\/chatou\/wp-json\/wp\/v2\/pages\/55\/revisions\/612"}],"wp:attachment":[{"href":"https:\/\/www.fcpe78.fr\/cl\/chatou\/wp-json\/wp\/v2\/media?parent=55"}],"curies":[{"name":"wp","href":"https:\/\/api.w.org\/{rel}","templated":true}]}}