{"id":47,"date":"2018-07-03T16:14:01","date_gmt":"2018-07-03T14:14:01","guid":{"rendered":"http:\/\/www.fcpe78.fr\/cl\/chatou\/?page_id=47"},"modified":"2024-10-04T16:56:42","modified_gmt":"2024-10-04T14:56:42","slug":"maternelle-les-cormiers","status":"publish","type":"page","link":"https:\/\/www.fcpe78.fr\/cl\/chatou\/maternelle-les-cormiers\/","title":{"rendered":"Maternelle Les Cormiers"},"content":{"rendered":"<div>\n<div class=\"nettoyeur\"><img decoding=\"async\" loading=\"lazy\" class=\"alignnone size-full wp-image-254\" src=\"http:\/\/www.fcpe78.fr\/cl\/chatou\/files\/2018\/12\/index.jpg\" alt=\"\" width=\"274\" height=\"184\" \/><\/div>\n<div><\/div>\n<div>146, rue du G\u00e9n\u00e9ral Leclerc 78400 Chatou<\/div>\n<\/div>\n<div>01 30 71 16 20<br \/>\nDirecteur : Madame Nathalie DA COSTA<\/div>\n<div>\n<p><strong>Votre interlocuteur FCPE \u00e0 l\u2019\u00e9cole:<\/strong><br \/>\nMme Alexandra SIGAL<br \/>\nEmail: <a href=\"mailto:fcpejulesferrychatou@gmail.com\">fcpejulesferrychatou@gmail.com<\/a><\/p>\n<\/div>\n<p><span style=\"font-size: revert;color: initial\">voir <\/span><a style=\"font-size: revert\" href=\"https:\/\/www.fcpe78.fr\/cl\/chatou\/elementaire-jules-ferry\/\">Ecole Jules Ferry<\/a><\/p>\n<div>\n<p><strong>Les repr\u00e9sentants de parents d\u2019\u00e9l\u00e8ves aux Cormiers c\u2019est :<\/strong><\/p>\n<ul>\n<li>Une participation \u00e0 chacun des\u00a0<strong>conseils d\u2019\u00e9cole<\/strong><\/li>\n<li>Des\u00a0<strong>interlocuteurs<\/strong>\u00a0aupr\u00e8s de la mairie et de l\u2019\u00e9quipe enseignante<\/li>\n<\/ul>\n<\/div>\n<div>\n<div class=\"nettoyeur\"><\/div>\n<\/div>\n<p><a href=\"http:\/\/www.fcpe78.fr\/cl\/chatou\/pourquoi-adherer\/\">N\u2019h\u00e9sitez pas \u00e0 nous contacter ou m\u00eame \u00e0 nous rejoindre.<\/a><\/p>\n","protected":false},"excerpt":{"rendered":"<p>146, rue du G\u00e9n\u00e9ral Leclerc 78400 Chatou 01 30 71 16 20 Directeur : Madame Nathalie DA COSTA Votre interlocuteur FCPE \u00e0 l\u2019\u00e9cole: Mme Alexandra SIGAL Email: fcpejulesferrychatou@gmail.com voir Ecole Jules Ferry Les repr\u00e9sentants de parents d\u2019\u00e9l\u00e8ves aux Cormiers c\u2019est : Une participation \u00e0 chacun des\u00a0conseils d\u2019\u00e9cole Des\u00a0interlocuteurs\u00a0aupr\u00e8s de la &#8230;<\/p>\n","protected":false},"author":18,"featured_media":0,"parent":0,"menu_order":0,"comment_status":"closed","ping_status":"closed","template":"","meta":[],"_links":{"self":[{"href":"https:\/\/www.fcpe78.fr\/cl\/chatou\/wp-json\/wp\/v2\/pages\/47"}],"collection":[{"href":"https:\/\/www.fcpe78.fr\/cl\/chatou\/wp-json\/wp\/v2\/pages"}],"about":[{"href":"https:\/\/www.fcpe78.fr\/cl\/chatou\/wp-json\/wp\/v2\/types\/page"}],"author":[{"embeddable":true,"href":"https:\/\/www.fcpe78.fr\/cl\/chatou\/wp-json\/wp\/v2\/users\/18"}],"replies":[{"embeddable":true,"href":"https:\/\/www.fcpe78.fr\/cl\/chatou\/wp-json\/wp\/v2\/comments?post=47"}],"version-history":[{"count":13,"href":"https:\/\/www.fcpe78.fr\/cl\/chatou\/wp-json\/wp\/v2\/pages\/47\/revisions"}],"predecessor-version":[{"id":709,"href":"https:\/\/www.fcpe78.fr\/cl\/chatou\/wp-json\/wp\/v2\/pages\/47\/revisions\/709"}],"wp:attachment":[{"href":"https:\/\/www.fcpe78.fr\/cl\/chatou\/wp-json\/wp\/v2\/media?parent=47"}],"curies":[{"name":"wp","href":"https:\/\/api.w.org\/{rel}","templated":true}]}}